Last updated on 2025-02-19 16:50:58 CET.
Flavor | Version | Tinstall | Tcheck | Ttotal | Status | Flags |
---|---|---|---|---|---|---|
r-devel-linux-x86_64-debian-clang | 1.0.1 | 10.80 | 60.25 | 71.05 | OK | |
r-devel-linux-x86_64-debian-gcc | 1.0.1 | 9.06 | 45.38 | 54.44 | OK | |
r-devel-linux-x86_64-fedora-clang | 1.0.1 | 113.71 | OK | |||
r-devel-linux-x86_64-fedora-gcc | 1.0.1 | 122.13 | OK | |||
r-devel-macos-arm64 | 1.0.1 | 5.00 | ERROR | |||
r-devel-macos-x86_64 | 1.0.1 | 94.00 | OK | |||
r-devel-windows-x86_64 | 1.0.1 | 15.00 | 84.00 | 99.00 | OK | |
r-patched-linux-x86_64 | 1.0.1 | 11.17 | 58.37 | 69.54 | OK | |
r-release-linux-x86_64 | 1.0.1 | 9.92 | 56.50 | 66.42 | OK | |
r-release-macos-arm64 | 1.0.1 | 47.00 | OK | |||
r-release-macos-x86_64 | 1.0.1 | 69.00 | OK | |||
r-release-windows-x86_64 | 1.0.1 | 14.00 | 80.00 | 94.00 | OK | |
r-oldrel-macos-arm64 | 1.0.1 | 51.00 | OK | |||
r-oldrel-macos-x86_64 | 1.0.1 | 112.00 | OK | |||
r-oldrel-windows-x86_64 | 1.0.1 | 19.00 | 115.00 | 134.00 | OK |
Version: 1.0.1
Check: package dependencies
Result: ERROR
Package required but not available: ‘org.Hs.eg.db’
See section ‘The DESCRIPTION file’ in the ‘Writing R Extensions’
manual.
Flavor: r-devel-macos-arm64
These binaries (installable software) and packages are in development.
They may not be fully stable and should be used with caution. We make no claims about them.