Last updated on 2025-05-08 04:52:13 CEST.
Flavor | Version | Tinstall | Tcheck | Ttotal | Status | Flags |
---|---|---|---|---|---|---|
r-devel-linux-x86_64-debian-clang | 1.0.1 | 9.57 | 61.69 | 71.26 | OK | |
r-devel-linux-x86_64-debian-gcc | 1.0.1 | 9.14 | 47.89 | 57.03 | OK | |
r-devel-linux-x86_64-fedora-clang | 1.0.1 | 109.10 | OK | |||
r-devel-linux-x86_64-fedora-gcc | 1.0.1 | 120.56 | OK | |||
r-devel-windows-x86_64 | 1.0.1 | 15.00 | 76.00 | 91.00 | OK | |
r-patched-linux-x86_64 | 1.0.1 | 9.62 | 58.50 | 68.12 | OK | |
r-release-linux-x86_64 | 1.0.1 | 9.88 | 57.90 | 67.78 | OK | |
r-release-macos-arm64 | 1.0.1 | 5.00 | ERROR | |||
r-release-macos-x86_64 | 1.0.1 | 93.00 | OK | |||
r-release-windows-x86_64 | 1.0.1 | 15.00 | 81.00 | 96.00 | OK | |
r-oldrel-macos-arm64 | 1.0.1 | 47.00 | OK | |||
r-oldrel-macos-x86_64 | 1.0.1 | 69.00 | OK | |||
r-oldrel-windows-x86_64 | 1.0.1 | 18.00 | 94.00 | 112.00 | OK |
Version: 1.0.1
Check: package dependencies
Result: ERROR
Package required but not available: ‘org.Hs.eg.db’
See section ‘The DESCRIPTION file’ in the ‘Writing R Extensions’
manual.
Flavor: r-release-macos-arm64
These binaries (installable software) and packages are in development.
They may not be fully stable and should be used with caution. We make no claims about them.