Last updated on 2025-05-01 15:49:39 CEST.
Flavor | Version | Tinstall | Tcheck | Ttotal | Status | Flags |
---|---|---|---|---|---|---|
r-devel-linux-x86_64-debian-clang | 1.0.5 | 8.44 | 100.76 | 109.20 | NOTE | |
r-devel-linux-x86_64-debian-gcc | 1.0.5 | 5.58 | 66.96 | 72.54 | OK | |
r-devel-linux-x86_64-fedora-clang | 1.0.5 | 155.19 | OK | |||
r-devel-linux-x86_64-fedora-gcc | 1.0.5 | 148.14 | OK | |||
r-devel-windows-x86_64 | 1.0.5 | 11.00 | 130.00 | 141.00 | OK | |
r-patched-linux-x86_64 | 1.0.5 | 9.30 | 91.74 | 101.04 | OK | |
r-release-linux-x86_64 | OK | |||||
r-release-macos-arm64 | 1.0.5 | 42.00 | OK | |||
r-release-macos-x86_64 | 1.0.5 | 91.00 | OK | |||
r-release-windows-x86_64 | 1.0.5 | 11.00 | 131.00 | 142.00 | OK | |
r-oldrel-macos-arm64 | 1.0.5 | 38.00 | OK | |||
r-oldrel-macos-x86_64 | 1.0.5 | 73.00 | OK | |||
r-oldrel-windows-x86_64 | 1.0.5 | 13.00 | 164.00 | 177.00 | OK |
Version: 1.0.5
Check: examples
Result: NOTE
Examples with CPU (user + system) or elapsed time > 5s
user system elapsed
ksdist 4.256 0 5.201
Flavor: r-devel-linux-x86_64-debian-clang
These binaries (installable software) and packages are in development.
They may not be fully stable and should be used with caution. We make no claims about them.