Last updated on 2025-05-07 15:49:24 CEST.
Flavor | Version | Tinstall | Tcheck | Ttotal | Status | Flags |
---|---|---|---|---|---|---|
r-devel-linux-x86_64-debian-clang | 1.0 | 6.14 | 47.74 | 53.88 | NOTE | |
r-devel-linux-x86_64-debian-gcc | 1.0 | 4.28 | 34.87 | 39.15 | NOTE | |
r-devel-linux-x86_64-fedora-clang | 1.0 | 75.22 | OK | |||
r-devel-linux-x86_64-fedora-gcc | 1.0 | 79.97 | OK | |||
r-devel-windows-x86_64 | 1.0 | 7.00 | 64.00 | 71.00 | OK | |
r-patched-linux-x86_64 | 1.0 | 6.23 | 45.44 | 51.67 | OK | |
r-release-linux-x86_64 | 1.0 | 5.86 | 44.35 | 50.21 | OK | |
r-release-macos-arm64 | 1.0 | 26.00 | OK | |||
r-release-macos-x86_64 | 1.0 | 46.00 | OK | |||
r-release-windows-x86_64 | 1.0 | 8.00 | 65.00 | 73.00 | OK | |
r-oldrel-macos-arm64 | 1.0 | 24.00 | OK | |||
r-oldrel-macos-x86_64 | 1.0 | 37.00 | OK | |||
r-oldrel-windows-x86_64 | 1.0 | 10.00 | 78.00 | 88.00 | OK |
Version: 1.0
Check: CRAN incoming feasibility
Result: NOTE
Maintainer: ‘Yukun Zhang <yukzhang@ucalgary.ca>’
No Authors@R field in DESCRIPTION.
Please add one, modifying
Authors@R: c(person(given = "Yukun",
family = "Zhang",
role = c("aut", "cre"),
email = "yukzhang@ucalgary.ca"),
person(given = "Milad",
family = "Yavari",
role = "aut"),
person(given = "Bob",
family = "Haennel",
role = "aut"),
person(given = "Haocheng",
family = "Li",
role = c("aut", "ctb")))
as necessary.
Flavors: r-devel-linux-x86_64-debian-clang, r-devel-linux-x86_64-debian-gcc
These binaries (installable software) and packages are in development.
They may not be fully stable and should be used with caution. We make no claims about them.