Last updated on 2025-02-16 10:50:54 CET.
Flavor | Version | Tinstall | Tcheck | Ttotal | Status | Flags |
---|---|---|---|---|---|---|
r-devel-linux-x86_64-debian-clang | 0.1.10 | 21.41 | 143.16 | 164.57 | NOTE | |
r-devel-linux-x86_64-debian-gcc | 0.1.10 | 16.40 | 104.12 | 120.52 | NOTE | |
r-devel-linux-x86_64-fedora-clang | 0.1.10 | 289.98 | OK | |||
r-devel-linux-x86_64-fedora-gcc | 0.1.10 | 272.27 | OK | |||
r-devel-macos-arm64 | 0.1.10 | 73.00 | OK | |||
r-devel-macos-x86_64 | 0.1.10 | 188.00 | OK | |||
r-devel-windows-x86_64 | 0.1.10 | 25.00 | 154.00 | 179.00 | NOTE | |
r-patched-linux-x86_64 | 0.1.10 | 28.43 | 132.38 | 160.81 | OK | |
r-release-linux-x86_64 | 0.1.10 | 19.61 | 132.99 | 152.60 | OK | |
r-release-macos-arm64 | 0.1.10 | 70.00 | OK | |||
r-release-macos-x86_64 | 0.1.10 | 104.00 | OK | |||
r-release-windows-x86_64 | 0.1.10 | 25.00 | 153.00 | 178.00 | OK | |
r-oldrel-macos-arm64 | 0.1.10 | 67.00 | OK | |||
r-oldrel-macos-x86_64 | 0.1.10 | 114.00 | OK | |||
r-oldrel-windows-x86_64 | 0.1.10 | 33.00 | 206.00 | 239.00 | OK |
Version: 0.1.10
Check: Rd cross-references
Result: NOTE
Found the following Rd file(s) with Rd \link{} targets missing package
anchors:
plot.Rd: ggplot2
Please provide package anchors for all Rd \link{} targets not in the
package itself and the base packages.
Flavors: r-devel-linux-x86_64-debian-clang, r-devel-linux-x86_64-debian-gcc, r-devel-windows-x86_64
These binaries (installable software) and packages are in development.
They may not be fully stable and should be used with caution. We make no claims about them.