Last updated on 2025-05-08 04:52:13 CEST.
Flavor | Version | Tinstall | Tcheck | Ttotal | Status | Flags |
---|---|---|---|---|---|---|
r-devel-linux-x86_64-debian-clang | 0.1-0 | 6.26 | 63.75 | 70.01 | NOTE | |
r-devel-linux-x86_64-debian-gcc | 0.1-0 | 4.56 | 48.71 | 53.27 | NOTE | |
r-devel-linux-x86_64-fedora-clang | 0.1-0 | 108.02 | OK | |||
r-devel-linux-x86_64-fedora-gcc | 0.1-0 | 118.90 | OK | |||
r-devel-windows-x86_64 | 0.1-0 | 7.00 | 93.00 | 100.00 | OK | |
r-patched-linux-x86_64 | 0.1-0 | 6.39 | 60.84 | 67.23 | OK | |
r-release-linux-x86_64 | 0.1-0 | 5.93 | 61.78 | 67.71 | OK | |
r-release-macos-arm64 | 0.1-0 | 53.00 | OK | |||
r-release-macos-x86_64 | 0.1-0 | 86.00 | OK | |||
r-release-windows-x86_64 | 0.1-0 | 9.00 | 94.00 | 103.00 | OK | |
r-oldrel-macos-arm64 | 0.1-0 | 42.00 | NOTE | |||
r-oldrel-macos-x86_64 | 0.1-0 | 74.00 | NOTE | |||
r-oldrel-windows-x86_64 | 0.1-0 | 11.00 | 108.00 | 119.00 | NOTE |
Version: 0.1-0
Check: CRAN incoming feasibility
Result: NOTE
Maintainer: ‘Lu Tian <lutian@stanford.edu>’
No Authors@R field in DESCRIPTION.
Please add one, modifying
Authors@R: c(person(given = "Xiaodong",
family = "Luo",
role = "aut"),
person(given = "Bo",
family = "Huang",
role = "aut"),
person(given = "Lu",
family = "Tian",
role = c("aut", "cre"),
email = "lutian@stanford.edu",
comment = c(ORCID = "0000-0002-5893-0169")))
as necessary.
Flavors: r-devel-linux-x86_64-debian-clang, r-devel-linux-x86_64-debian-gcc
Version: 0.1-0
Check: LazyData
Result: NOTE
'LazyData' is specified without a 'data' directory
Flavors: r-oldrel-macos-arm64, r-oldrel-macos-x86_64, r-oldrel-windows-x86_64
These binaries (installable software) and packages are in development.
They may not be fully stable and should be used with caution. We make no claims about them.