Last updated on 2025-05-07 15:49:24 CEST.
Flavor | Version | Tinstall | Tcheck | Ttotal | Status | Flags |
---|---|---|---|---|---|---|
r-devel-linux-x86_64-debian-clang | 1.0 | 8.23 | 75.85 | 84.08 | NOTE | |
r-devel-linux-x86_64-debian-gcc | 1.0 | 5.78 | 56.96 | 62.74 | NOTE | |
r-devel-linux-x86_64-fedora-clang | 1.0 | 128.69 | OK | |||
r-devel-linux-x86_64-fedora-gcc | 1.0 | 126.99 | OK | |||
r-devel-windows-x86_64 | 1.0 | 9.00 | 90.00 | 99.00 | OK | |
r-patched-linux-x86_64 | 1.0 | 8.26 | 72.94 | 81.20 | OK | |
r-release-linux-x86_64 | 1.0 | 7.38 | 73.65 | 81.03 | OK | |
r-release-macos-arm64 | 1.0 | 40.00 | OK | |||
r-release-macos-x86_64 | 1.0 | 75.00 | OK | |||
r-release-windows-x86_64 | 1.0 | 9.00 | 91.00 | 100.00 | OK | |
r-oldrel-macos-arm64 | 1.0 | 41.00 | OK | |||
r-oldrel-macos-x86_64 | 1.0 | 56.00 | OK | |||
r-oldrel-windows-x86_64 | 1.0 | 17.00 | 116.00 | 133.00 | OK |
Version: 1.0
Check: CRAN incoming feasibility
Result: NOTE
Maintainer: ‘Przemyslaw Biecek <przemyslaw.biecek@gmail.com>’
No Authors@R field in DESCRIPTION.
Please add one, modifying
Authors@R: person(given = "Przemyslaw",
family = "Biecek",
role = c("aut", "cre"),
email = "przemyslaw.biecek@gmail.com")
as necessary.
Flavors: r-devel-linux-x86_64-debian-clang, r-devel-linux-x86_64-debian-gcc
These binaries (installable software) and packages are in development.
They may not be fully stable and should be used with caution. We make no claims about them.