Last updated on 2025-02-16 10:50:54 CET.
Flavor | Version | Tinstall | Tcheck | Ttotal | Status | Flags |
---|---|---|---|---|---|---|
r-devel-linux-x86_64-debian-clang | 0.8.0 | 4.91 | 48.72 | 53.63 | OK | |
r-devel-linux-x86_64-debian-gcc | 0.8.0 | 4.15 | 33.62 | 37.77 | OK | |
r-devel-linux-x86_64-fedora-clang | 0.8.0 | 88.48 | NOTE | |||
r-devel-linux-x86_64-fedora-gcc | 0.8.0 | 78.56 | NOTE | |||
r-devel-macos-arm64 | 0.8.0 | 26.00 | OK | |||
r-devel-macos-x86_64 | 0.8.0 | 59.00 | OK | |||
r-devel-windows-x86_64 | 0.8.0 | 7.00 | 64.00 | 71.00 | OK | |
r-patched-linux-x86_64 | 0.8.0 | 4.65 | 43.42 | 48.07 | NOTE | |
r-release-linux-x86_64 | 0.8.0 | 5.06 | 43.46 | 48.52 | NOTE | |
r-release-macos-arm64 | 0.8.0 | 26.00 | NOTE | |||
r-release-macos-x86_64 | 0.8.0 | 43.00 | NOTE | |||
r-release-windows-x86_64 | 0.8.0 | 7.00 | 62.00 | 69.00 | NOTE | |
r-oldrel-macos-arm64 | 0.8.0 | 28.00 | NOTE | |||
r-oldrel-macos-x86_64 | 0.8.0 | 41.00 | NOTE | |||
r-oldrel-windows-x86_64 | 0.8.0 | 9.00 | 80.00 | 89.00 | NOTE |
Version: 0.8.0
Check: dependencies in R code
Result: NOTE
Namespaces in Imports field not imported from:
‘Matrix’ ‘pander’
All declared Imports should be used.
Flavors: r-devel-linux-x86_64-fedora-clang, r-devel-linux-x86_64-fedora-gcc
Version: 0.8.0
Check: LazyData
Result: NOTE
'LazyData' is specified without a 'data' directory
Flavors: r-patched-linux-x86_64, r-release-linux-x86_64, r-release-macos-arm64, r-release-macos-x86_64, r-release-windows-x86_64, r-oldrel-macos-arm64, r-oldrel-macos-x86_64, r-oldrel-windows-x86_64
These binaries (installable software) and packages are in development.
They may not be fully stable and should be used with caution. We make no claims about them.