Last updated on 2025-07-02 01:51:45 CEST.
Flavor | Version | Tinstall | Tcheck | Ttotal | Status | Flags |
---|---|---|---|---|---|---|
r-devel-linux-x86_64-debian-clang | 3.1 | 4.93 | 61.35 | 66.28 | NOTE | |
r-devel-linux-x86_64-debian-gcc | 3.1 | 3.63 | 47.09 | 50.72 | NOTE | |
r-devel-linux-x86_64-fedora-clang | 3.1 | 98.06 | OK | |||
r-devel-linux-x86_64-fedora-gcc | 3.1 | 105.85 | OK | |||
r-devel-windows-x86_64 | 3.1 | 7.00 | 69.00 | 76.00 | OK | |
r-patched-linux-x86_64 | OK | |||||
r-release-linux-x86_64 | 3.1 | 4.88 | 58.22 | 63.10 | OK | |
r-release-macos-arm64 | 3.1 | 31.00 | OK | |||
r-release-macos-x86_64 | 3.1 | 62.00 | OK | |||
r-release-windows-x86_64 | 3.1 | 5.00 | 68.00 | 73.00 | OK | |
r-oldrel-macos-arm64 | 3.1 | 37.00 | OK | |||
r-oldrel-macos-x86_64 | 3.1 | 62.00 | OK | |||
r-oldrel-windows-x86_64 | 3.1 | 7.00 | 80.00 | 87.00 | OK |
Version: 3.1
Check: CRAN incoming feasibility
Result: NOTE
Maintainer: ‘Marie Chavent <Marie.Chavent@u-bordeaux.fr>’
Found the following \keyword or \concept entries
which likely give several index terms:
File ‘MFAmix.Rd’:
\keyword{multivariate, mixed type data, data struc [TRUNCATED]
Flavors: r-devel-linux-x86_64-debian-clang, r-devel-linux-x86_64-debian-gcc
These binaries (installable software) and packages are in development.
They may not be fully stable and should be used with caution. We make no claims about them.