Last updated on 2025-10-03 17:48:41 CEST.
Flavor | Version | Tinstall | Tcheck | Ttotal | Status | Flags |
---|---|---|---|---|---|---|
r-devel-linux-x86_64-debian-clang | 3.1 | 4.35 | 62.38 | 66.73 | NOTE | |
r-devel-linux-x86_64-debian-gcc | 3.1 | 3.27 | 48.20 | 51.47 | NOTE | |
r-devel-linux-x86_64-fedora-clang | 3.1 | 95.87 | OK | |||
r-devel-linux-x86_64-fedora-gcc | 3.1 | 106.34 | OK | |||
r-devel-windows-x86_64 | 3.1 | 7.00 | 70.00 | 77.00 | OK | |
r-patched-linux-x86_64 | 3.1 | 5.29 | 59.84 | 65.13 | OK | |
r-release-linux-x86_64 | 3.1 | 4.76 | 59.65 | 64.41 | OK | |
r-release-macos-arm64 | 3.1 | 31.00 | OK | |||
r-release-macos-x86_64 | 3.1 | 62.00 | OK | |||
r-release-windows-x86_64 | 3.1 | 6.00 | 69.00 | 75.00 | OK | |
r-oldrel-macos-arm64 | 3.1 | 37.00 | OK | |||
r-oldrel-macos-x86_64 | 3.1 | 62.00 | OK | |||
r-oldrel-windows-x86_64 | 3.1 | 6.00 | 82.00 | 88.00 | OK |
Version: 3.1
Check: CRAN incoming feasibility
Result: NOTE
Maintainer: ‘Marie Chavent <Marie.Chavent@u-bordeaux.fr>’
Found the following \keyword or \concept entries
which likely give several index terms:
File ‘MFAmix.Rd’:
\keyword{multivariate, mixed type data, data struc [TRUNCATED]
Flavors: r-devel-linux-x86_64-debian-clang, r-devel-linux-x86_64-debian-gcc
These binaries (installable software) and packages are in development.
They may not be fully stable and should be used with caution. We make no claims about them.