Last updated on 2025-02-16 10:50:54 CET.
Flavor | Version | Tinstall | Tcheck | Ttotal | Status | Flags |
---|---|---|---|---|---|---|
r-devel-linux-x86_64-debian-clang | 1.1.2 | 8.66 | 74.60 | 83.26 | OK | |
r-devel-linux-x86_64-debian-gcc | 1.1.2 | 7.12 | 55.09 | 62.21 | OK | |
r-devel-linux-x86_64-fedora-clang | 1.1.2 | 145.61 | OK | |||
r-devel-linux-x86_64-fedora-gcc | 1.1.2 | 202.81 | OK | |||
r-devel-macos-arm64 | 1.1.2 | 52.00 | OK | |||
r-devel-macos-x86_64 | 1.1.2 | 107.00 | OK | |||
r-devel-windows-x86_64 | 1.1.2 | 11.00 | 87.00 | 98.00 | OK | |
r-patched-linux-x86_64 | 1.1.2 | 8.07 | 70.52 | 78.59 | OK | |
r-release-linux-x86_64 | 1.1.2 | 8.37 | 70.37 | 78.74 | OK | |
r-release-macos-arm64 | 1.1.2 | 48.00 | NOTE | |||
r-release-macos-x86_64 | 1.1.2 | 83.00 | NOTE | |||
r-release-windows-x86_64 | 1.1.2 | 10.00 | 84.00 | 94.00 | OK | |
r-oldrel-macos-arm64 | 1.1.2 | 71.00 | NOTE | |||
r-oldrel-macos-x86_64 | 1.1.2 | 101.00 | NOTE | |||
r-oldrel-windows-x86_64 | 1.1.2 | 13.00 | 103.00 | 116.00 | OK |
Version: 1.1.2
Check: installed package size
Result: NOTE
installed size is 5.0Mb
sub-directories of 1Mb or more:
doc 4.9Mb
Flavors: r-release-macos-arm64, r-release-macos-x86_64, r-oldrel-macos-arm64, r-oldrel-macos-x86_64
These binaries (installable software) and packages are in development.
They may not be fully stable and should be used with caution. We make no claims about them.