Last updated on 2025-11-11 15:50:42 CET.
| Flavor | Version | Tinstall | Tcheck | Ttotal | Status | Flags |
|---|---|---|---|---|---|---|
| r-devel-linux-x86_64-debian-clang | 1.0 | 1.53 | 19.88 | 21.41 | NOTE | |
| r-devel-linux-x86_64-debian-gcc | 1.0 | 1.33 | 16.43 | 17.76 | NOTE | |
| r-devel-linux-x86_64-fedora-clang | 1.0 | 32.41 | OK | |||
| r-devel-linux-x86_64-fedora-gcc | 1.0 | 29.65 | OK | |||
| r-devel-windows-x86_64 | 1.0 | 3.00 | 40.00 | 43.00 | OK | |
| r-patched-linux-x86_64 | 1.0 | 1.70 | 18.84 | 20.54 | OK | |
| r-release-linux-x86_64 | 1.0 | 1.66 | 19.00 | 20.66 | OK | |
| r-release-macos-arm64 | 1.0 | 1.00 | 15.00 | 16.00 | OK | |
| r-release-macos-x86_64 | 1.0 | 2.00 | 22.00 | 24.00 | OK | |
| r-release-windows-x86_64 | 1.0 | 3.00 | 39.00 | 42.00 | OK | |
| r-oldrel-macos-arm64 | 1.0 | 1.00 | 13.00 | 14.00 | OK | |
| r-oldrel-macos-x86_64 | 1.0 | 1.00 | 18.00 | 19.00 | OK | |
| r-oldrel-windows-x86_64 | 1.0 | 3.00 | 41.00 | 44.00 | OK |
Version: 1.0
Check: CRAN incoming feasibility
Result: NOTE
Maintainer: ‘Andrew Ying <aying9339@gmail.com>’
The Description field contains
arXiv e-prints, arXiv-2009 <arXiv:2009.10982>.
Please refer to arXiv e-prints via their arXiv DOI <doi:10.48550/arXiv.YYMM.NNNNN>.
Flavors: r-devel-linux-x86_64-debian-clang, r-devel-linux-x86_64-debian-gcc
These binaries (installable software) and packages are in development.
They may not be fully stable and should be used with caution. We make no claims about them.