Last updated on 2025-10-23 17:50:56 CEST.
Flavor | Version | Tinstall | Tcheck | Ttotal | Status | Flags |
---|---|---|---|---|---|---|
r-devel-linux-x86_64-debian-clang | 1.0.0 | 5.71 | 98.43 | 104.14 | OK | |
r-devel-linux-x86_64-debian-gcc | 1.0.0 | 4.27 | 67.62 | 71.89 | OK | |
r-devel-linux-x86_64-fedora-clang | 1.0.0 | 16.00 | 146.58 | 162.58 | NOTE | |
r-devel-linux-x86_64-fedora-gcc | 1.0.0 | 13.00 | 156.36 | 169.36 | NOTE | |
r-devel-windows-x86_64 | 1.0.0 | 7.00 | 106.00 | 113.00 | OK | |
r-patched-linux-x86_64 | 1.0.0 | 6.09 | 93.56 | 99.65 | OK | |
r-release-linux-x86_64 | 1.0.0 | 5.77 | 93.17 | 98.94 | OK | |
r-release-macos-arm64 | 1.0.0 | 3.00 | 55.00 | 58.00 | OK | |
r-release-macos-x86_64 | 1.0.0 | 9.00 | 102.00 | 111.00 | OK | |
r-release-windows-x86_64 | 1.0.0 | 7.00 | 109.00 | 116.00 | OK | |
r-oldrel-macos-arm64 | 1.0.0 | 3.00 | 47.00 | 50.00 | OK | |
r-oldrel-macos-x86_64 | 1.0.0 | 7.00 | 75.00 | 82.00 | OK | |
r-oldrel-windows-x86_64 | 1.0.0 | 10.00 | 137.00 | 147.00 | OK |
Version: 1.0.0
Check: dependencies in R code
Result: NOTE
Namespace in Imports field not imported from: ‘survival’
All declared Imports should be used.
Flavors: r-devel-linux-x86_64-fedora-clang, r-devel-linux-x86_64-fedora-gcc
These binaries (installable software) and packages are in development.
They may not be fully stable and should be used with caution. We make no claims about them.