Last updated on 2025-07-20 21:51:34 CEST.
Flavor | Version | Tinstall | Tcheck | Ttotal | Status | Flags |
---|---|---|---|---|---|---|
r-devel-linux-x86_64-debian-clang | 1.0.0 | 6.95 | 96.89 | 103.84 | OK | |
r-devel-linux-x86_64-debian-gcc | 1.0.0 | 4.71 | 68.67 | 73.38 | OK | |
r-devel-linux-x86_64-fedora-clang | 1.0.0 | 161.46 | NOTE | |||
r-devel-linux-x86_64-fedora-gcc | 1.0.0 | 170.02 | NOTE | |||
r-devel-windows-x86_64 | 1.0.0 | 8.00 | 106.00 | 114.00 | OK | |
r-patched-linux-x86_64 | 1.0.0 | 7.08 | 91.19 | 98.27 | OK | |
r-release-linux-x86_64 | 1.0.0 | 6.48 | 92.46 | 98.94 | OK | |
r-release-macos-arm64 | 1.0.0 | 58.00 | OK | |||
r-release-macos-x86_64 | 1.0.0 | 111.00 | OK | |||
r-release-windows-x86_64 | 1.0.0 | 7.00 | 108.00 | 115.00 | OK | |
r-oldrel-macos-arm64 | 1.0.0 | 50.00 | OK | |||
r-oldrel-macos-x86_64 | 1.0.0 | 82.00 | OK | |||
r-oldrel-windows-x86_64 | 1.0.0 | 10.00 | 132.00 | 142.00 | OK |
Version: 1.0.0
Check: dependencies in R code
Result: NOTE
Namespace in Imports field not imported from: ‘survival’
All declared Imports should be used.
Flavors: r-devel-linux-x86_64-fedora-clang, r-devel-linux-x86_64-fedora-gcc
These binaries (installable software) and packages are in development.
They may not be fully stable and should be used with caution. We make no claims about them.