Last updated on 2025-05-01 08:52:41 CEST.
Flavor | Version | Tinstall | Tcheck | Ttotal | Status | Flags |
---|---|---|---|---|---|---|
r-devel-linux-x86_64-debian-clang | 0.1-4 | 31.57 | 78.98 | 110.55 | NOTE | |
r-devel-linux-x86_64-debian-gcc | 0.1-4 | 24.51 | 57.41 | 81.92 | NOTE | |
r-devel-linux-x86_64-fedora-clang | 0.1-4 | 184.82 | NOTE | |||
r-devel-linux-x86_64-fedora-gcc | 0.1-4 | 174.66 | NOTE | |||
r-devel-windows-x86_64 | 0.1-4 | 37.00 | 111.00 | 148.00 | NOTE | |
r-patched-linux-x86_64 | 0.1-4 | 30.46 | 72.32 | 102.78 | NOTE | |
r-release-linux-x86_64 | NOTE | |||||
r-release-macos-arm64 | 0.1-4 | 58.00 | NOTE | |||
r-release-macos-x86_64 | 0.1-4 | 96.00 | NOTE | |||
r-release-windows-x86_64 | 0.1-4 | 38.00 | 116.00 | 154.00 | NOTE | |
r-oldrel-macos-arm64 | 0.1-4 | 45.00 | NOTE | |||
r-oldrel-macos-x86_64 | 0.1-4 | 65.00 | NOTE | |||
r-oldrel-windows-x86_64 | 0.1-4 | 44.00 | 131.00 | 175.00 | NOTE |
Version: 0.1-4
Check: CRAN incoming feasibility
Result: NOTE
Maintainer: ‘Gunther Schauberger <gunther.schauberger@tum.de>’
No Authors@R field in DESCRIPTION.
Please add one, modifying
Authors@R: person(given = "Gunther",
family = "Schauberger",
role = c("aut", "cre"),
email = "gunther.schauberger@tum.de")
as necessary.
Flavors: r-devel-linux-x86_64-debian-clang, r-devel-linux-x86_64-debian-gcc
Version: 0.1-4
Check: C++ specification
Result: NOTE
Specified C++11: please drop specification unless essential
Flavors: r-devel-linux-x86_64-debian-clang, r-devel-linux-x86_64-debian-gcc, r-devel-linux-x86_64-fedora-clang, r-devel-linux-x86_64-fedora-gcc, r-devel-windows-x86_64, r-patched-linux-x86_64, r-release-linux-x86_64, r-release-macos-arm64, r-release-macos-x86_64, r-release-windows-x86_64, r-oldrel-macos-arm64, r-oldrel-macos-x86_64, r-oldrel-windows-x86_64
Version: 0.1-4
Check: Rd cross-references
Result: NOTE
Found the following Rd file(s) with Rd \link{} targets missing package
anchors:
person.posterior.Rd: adaptIntegrate
Please provide package anchors for all Rd \link{} targets not in the
package itself and the base packages.
Flavors: r-devel-linux-x86_64-debian-clang, r-devel-linux-x86_64-debian-gcc, r-devel-windows-x86_64, r-patched-linux-x86_64, r-release-linux-x86_64, r-release-windows-x86_64
These binaries (installable software) and packages are in development.
They may not be fully stable and should be used with caution. We make no claims about them.