Last updated on 2025-02-16 10:50:54 CET.
Flavor | Version | Tinstall | Tcheck | Ttotal | Status | Flags |
---|---|---|---|---|---|---|
r-devel-linux-x86_64-debian-clang | 0.1-4 | 29.84 | 78.60 | 108.44 | NOTE | |
r-devel-linux-x86_64-debian-gcc | 0.1-4 | 24.71 | 56.94 | 81.65 | NOTE | |
r-devel-linux-x86_64-fedora-clang | 0.1-4 | 196.06 | NOTE | |||
r-devel-linux-x86_64-fedora-gcc | 0.1-4 | 181.32 | NOTE | |||
r-devel-macos-arm64 | 0.1-4 | 53.00 | NOTE | |||
r-devel-macos-x86_64 | 0.1-4 | 103.00 | NOTE | |||
r-devel-windows-x86_64 | 0.1-4 | 35.00 | 105.00 | 140.00 | NOTE | |
r-patched-linux-x86_64 | 0.1-4 | 35.42 | 70.33 | 105.75 | NOTE | |
r-release-linux-x86_64 | 0.1-4 | 29.06 | 70.38 | 99.44 | NOTE | |
r-release-macos-arm64 | 0.1-4 | 45.00 | NOTE | |||
r-release-macos-x86_64 | 0.1-4 | 65.00 | NOTE | |||
r-release-windows-x86_64 | 0.1-4 | 36.00 | 98.00 | 134.00 | NOTE | |
r-oldrel-macos-arm64 | 0.1-4 | 55.00 | NOTE | |||
r-oldrel-macos-x86_64 | 0.1-4 | 88.00 | NOTE | |||
r-oldrel-windows-x86_64 | 0.1-4 | 43.00 | 121.00 | 164.00 | NOTE |
Version: 0.1-4
Check: C++ specification
Result: NOTE
Specified C++11: please drop specification unless essential
Flavors: r-devel-linux-x86_64-debian-clang, r-devel-linux-x86_64-debian-gcc, r-devel-linux-x86_64-fedora-clang, r-devel-linux-x86_64-fedora-gcc, r-devel-macos-arm64, r-devel-macos-x86_64, r-devel-windows-x86_64, r-patched-linux-x86_64, r-release-linux-x86_64, r-release-macos-arm64, r-release-macos-x86_64, r-release-windows-x86_64, r-oldrel-macos-arm64, r-oldrel-macos-x86_64, r-oldrel-windows-x86_64
Version: 0.1-4
Check: Rd cross-references
Result: NOTE
Found the following Rd file(s) with Rd \link{} targets missing package
anchors:
person.posterior.Rd: adaptIntegrate
Please provide package anchors for all Rd \link{} targets not in the
package itself and the base packages.
Flavors: r-devel-linux-x86_64-debian-clang, r-devel-linux-x86_64-debian-gcc, r-devel-windows-x86_64
These binaries (installable software) and packages are in development.
They may not be fully stable and should be used with caution. We make no claims about them.