Last updated on 2024-07-27 15:50:28 CEST.
Flavor | Version | Tinstall | Tcheck | Ttotal | Status | Flags |
---|---|---|---|---|---|---|
r-devel-linux-x86_64-debian-clang | 1.2 | 16.96 | 76.91 | 93.87 | NOTE | |
r-devel-linux-x86_64-debian-gcc | 1.2 | NOTE | ||||
r-devel-linux-x86_64-fedora-clang | 1.2 | 127.85 | NOTE | |||
r-devel-linux-x86_64-fedora-gcc | 1.2 | 143.01 | NOTE | |||
r-devel-windows-x86_64 | 1.2 | 19.00 | 85.00 | 104.00 | NOTE | |
r-patched-linux-x86_64 | 1.2 | NOTE | ||||
r-release-linux-x86_64 | 1.2 | 21.44 | 73.62 | 95.06 | NOTE | |
r-release-macos-arm64 | 1.2 | 45.00 | NOTE | |||
r-release-macos-x86_64 | 1.2 | 61.00 | NOTE | |||
r-release-windows-x86_64 | 1.2 | 20.00 | 87.00 | 107.00 | NOTE | |
r-oldrel-macos-arm64 | 1.2 | 46.00 | OK | |||
r-oldrel-macos-x86_64 | 1.2 | 82.00 | OK | |||
r-oldrel-windows-x86_64 | 1.2 | 23.00 | 102.00 | 125.00 | OK |
Version: 1.2
Check: Rd files
Result: NOTE
checkRd: (-1) getPCRAData.Rd:28: Lost braces in \itemize; meant \describe ?
checkRd: (-1) getPCRAData.Rd:29: Lost braces in \itemize; meant \describe ?
Flavors: r-devel-linux-x86_64-debian-clang, r-devel-linux-x86_64-debian-gcc, r-devel-linux-x86_64-fedora-clang, r-devel-linux-x86_64-fedora-gcc, r-devel-windows-x86_64, r-patched-linux-x86_64, r-release-linux-x86_64, r-release-macos-arm64, r-release-macos-x86_64, r-release-windows-x86_64
These binaries (installable software) and packages are in development.
They may not be fully stable and should be used with caution. We make no claims about them.