CRAN Package Check Results for Package PCS

Last updated on 2025-11-11 15:50:42 CET.

Flavor Version Tinstall Tcheck Ttotal Status Flags
r-devel-linux-x86_64-debian-clang 1.3 9.46 71.71 81.17 NOTE
r-devel-linux-x86_64-debian-gcc 1.3 7.03 55.42 62.45 NOTE
r-devel-linux-x86_64-fedora-clang 1.3 53.00 86.41 139.41 OK
r-devel-linux-x86_64-fedora-gcc 1.3 18.00 100.65 118.65 OK
r-devel-windows-x86_64 1.3 7.00 80.00 87.00 OK
r-patched-linux-x86_64 1.3 8.68 69.84 78.52 OK
r-release-linux-x86_64 1.3 8.67 69.46 78.13 OK
r-release-macos-arm64 1.3 4.00 31.00 35.00 OK
r-release-macos-x86_64 1.3 9.00 61.00 70.00 OK
r-release-windows-x86_64 1.3 11.00 77.00 88.00 OK
r-oldrel-macos-arm64 1.3 3.00 29.00 32.00 OK
r-oldrel-macos-x86_64 1.3 6.00 42.00 48.00 OK
r-oldrel-windows-x86_64 1.3 10.00 94.00 104.00 OK

Check Details

Version: 1.3
Check: CRAN incoming feasibility
Result: NOTE Maintainer: ‘Jason Wilson <jason.wilson@biola.edu>’ No Authors@R field in DESCRIPTION. Please add one, modifying Authors@R: person(given = "Jason", family = "Wilson", role = c("aut", "cre"), email = "jason.wilson@biola.edu") as necessary. Flavors: r-devel-linux-x86_64-debian-clang, r-devel-linux-x86_64-debian-gcc

These binaries (installable software) and packages are in development.
They may not be fully stable and should be used with caution. We make no claims about them.