CRAN Package Check Results for Package PDFEstimator

Last updated on 2025-10-24 05:50:50 CEST.

Flavor Version Tinstall Tcheck Ttotal Status Flags
r-devel-linux-x86_64-debian-clang 4.5 23.50 44.40 67.90 NOTE
r-devel-linux-x86_64-debian-gcc 4.5 16.19 40.39 56.58 NOTE
r-devel-linux-x86_64-fedora-clang 4.5 95.00 35.71 130.71 OK
r-devel-linux-x86_64-fedora-gcc 4.5 46.00 58.23 104.23 OK
r-devel-windows-x86_64 4.5 30.00 72.00 102.00 OK
r-patched-linux-x86_64 4.5 22.29 36.85 59.14 OK
r-release-linux-x86_64 4.5 20.85 36.63 57.48 OK
r-release-macos-arm64 4.5 13.00 39.00 52.00 OK
r-release-macos-x86_64 4.5 13.00 53.00 66.00 OK
r-release-windows-x86_64 4.5 31.00 75.00 106.00 OK
r-oldrel-macos-arm64 4.5 11.00 27.00 38.00 OK
r-oldrel-macos-x86_64 4.5 9.00 35.00 44.00 OK
r-oldrel-windows-x86_64 4.5 27.00 92.00 119.00 OK

Check Details

Version: 4.5
Check: CRAN incoming feasibility
Result: NOTE Maintainer: ‘Jenny Farmer <jfarmer@carolina.rr.com>’ No Authors@R field in DESCRIPTION. Please add one, modifying Authors@R: c(person(given = "Jenny", family = "Farmer", role = c("aut", "cre"), email = "jfarmer@carolina.rr.com"), person(given = "Donald", family = "Jacobs", role = "aut", email = "djacobs1@uncc.ecu")) as necessary. Flavors: r-devel-linux-x86_64-debian-clang, r-devel-linux-x86_64-debian-gcc

Version: 4.5
Check: Rd files
Result: NOTE checkRd: (-1) PDFEstimator-package.Rd:11-20: Only 2 columns allowed in this table (row 2 has 1) checkRd: (-1) PDFEstimator-package.Rd:11-20: Only 2 columns allowed in this table (row 4 has 1) checkRd: (-1) PDFEstimator-package.Rd:11-20: Only 2 columns allowed in this table (row 6 has 1) checkRd: (-1) PDFEstimator-package.Rd:11-20: Only 2 columns allowed in this table (row 8 has 1) checkRd: (-1) PDFEstimator-package.Rd:11-20: Only 2 columns allowed in this table (row 10 has 1) checkRd: (-1) PDFEstimator-package.Rd:11-20: Only 2 columns allowed in this table (row 12 has 1) checkRd: (-1) PDFEstimator-package.Rd:11-20: Only 2 columns allowed in this table (row 14 has 1) checkRd: (-1) PDFEstimator-package.Rd:11-20: Only 2 columns allowed in this table (row 16 has 1) Flavor: r-devel-linux-x86_64-debian-gcc

These binaries (installable software) and packages are in development.
They may not be fully stable and should be used with caution. We make no claims about them.