CRAN Package Check Results for Package PDM

Last updated on 2025-02-16 10:50:54 CET.

Flavor Version Tinstall Tcheck Ttotal Status Flags
r-devel-linux-x86_64-debian-clang 0.1 1.56 15.95 17.51 OK
r-devel-linux-x86_64-debian-gcc 0.1 1.31 13.18 14.49 OK
r-devel-linux-x86_64-fedora-clang 0.1 29.62 OK
r-devel-linux-x86_64-fedora-gcc 0.1 26.80 OK
r-devel-macos-arm64 0.1 12.00 OK
r-devel-macos-x86_64 0.1 20.00 OK
r-devel-windows-x86_64 0.1 2.00 36.00 38.00 OK
r-patched-linux-x86_64 0.1 1.55 15.02 16.57 NOTE
r-release-linux-x86_64 0.1 1.48 15.23 16.71 NOTE
r-release-macos-arm64 0.1 13.00 NOTE
r-release-macos-x86_64 0.1 18.00 NOTE
r-release-windows-x86_64 0.1 2.00 36.00 38.00 NOTE
r-oldrel-macos-arm64 0.1 15.00 NOTE
r-oldrel-macos-x86_64 0.1 20.00 NOTE
r-oldrel-windows-x86_64 0.1 2.00 36.00 38.00 NOTE

Check Details

Version: 0.1
Check: LazyData
Result: NOTE 'LazyData' is specified without a 'data' directory Flavors: r-patched-linux-x86_64, r-release-linux-x86_64, r-release-macos-arm64, r-release-macos-x86_64, r-release-windows-x86_64, r-oldrel-macos-arm64, r-oldrel-macos-x86_64, r-oldrel-windows-x86_64

These binaries (installable software) and packages are in development.
They may not be fully stable and should be used with caution. We make no claims about them.