Last updated on 2025-02-16 10:50:54 CET.
Flavor | Version | Tinstall | Tcheck | Ttotal | Status | Flags |
---|---|---|---|---|---|---|
r-devel-linux-x86_64-debian-clang | 0.1.0 | 5.62 | 49.93 | 55.55 | OK | |
r-devel-linux-x86_64-debian-gcc | 0.1.0 | 4.08 | 34.96 | 39.04 | OK | |
r-devel-linux-x86_64-fedora-clang | 0.1.0 | 92.22 | NOTE | |||
r-devel-linux-x86_64-fedora-gcc | 0.1.0 | 85.58 | NOTE | |||
r-devel-macos-arm64 | 0.1.0 | 27.00 | OK | |||
r-devel-macos-x86_64 | 0.1.0 | 56.00 | OK | |||
r-devel-windows-x86_64 | 0.1.0 | 8.00 | 75.00 | 83.00 | OK | |
r-patched-linux-x86_64 | 0.1.0 | 5.14 | 47.93 | 53.07 | OK | |
r-release-linux-x86_64 | 0.1.0 | 5.08 | 47.32 | 52.40 | OK | |
r-release-macos-arm64 | 0.1.0 | 27.00 | OK | |||
r-release-macos-x86_64 | 0.1.0 | 42.00 | OK | |||
r-release-windows-x86_64 | 0.1.0 | 8.00 | 69.00 | 77.00 | OK | |
r-oldrel-macos-arm64 | 0.1.0 | 30.00 | OK | |||
r-oldrel-macos-x86_64 | 0.1.0 | 47.00 | OK | |||
r-oldrel-windows-x86_64 | 0.1.0 | 8.00 | 80.00 | 88.00 | OK |
Version: 0.1.0
Check: dependencies in R code
Result: NOTE
Namespace in Imports field not imported from: ‘ncvreg’
All declared Imports should be used.
Flavors: r-devel-linux-x86_64-fedora-clang, r-devel-linux-x86_64-fedora-gcc
These binaries (installable software) and packages are in development.
They may not be fully stable and should be used with caution. We make no claims about them.