Last updated on 2025-07-19 01:49:10 CEST.
Flavor | Version | Tinstall | Tcheck | Ttotal | Status | Flags |
---|---|---|---|---|---|---|
r-devel-linux-x86_64-debian-clang | 0.1.0 | 4.96 | 52.97 | 57.93 | OK | |
r-devel-linux-x86_64-debian-gcc | 0.1.0 | 4.11 | 35.87 | 39.98 | OK | |
r-devel-linux-x86_64-fedora-clang | 0.1.0 | 89.74 | NOTE | |||
r-devel-linux-x86_64-fedora-gcc | 0.1.0 | 88.01 | NOTE | |||
r-devel-windows-x86_64 | 0.1.0 | 7.00 | 69.00 | 76.00 | OK | |
r-patched-linux-x86_64 | 0.1.0 | 5.67 | 48.31 | 53.98 | OK | |
r-release-linux-x86_64 | 0.1.0 | 5.54 | 48.02 | 53.56 | OK | |
r-release-macos-arm64 | 0.1.0 | 29.00 | OK | |||
r-release-macos-x86_64 | 0.1.0 | 55.00 | OK | |||
r-release-windows-x86_64 | 0.1.0 | 7.00 | 70.00 | 77.00 | OK | |
r-oldrel-macos-arm64 | 0.1.0 | 27.00 | OK | |||
r-oldrel-macos-x86_64 | 0.1.0 | 42.00 | OK | |||
r-oldrel-windows-x86_64 | 0.1.0 | 8.00 | 88.00 | 96.00 | OK |
Version: 0.1.0
Check: dependencies in R code
Result: NOTE
Namespace in Imports field not imported from: ‘ncvreg’
All declared Imports should be used.
Flavors: r-devel-linux-x86_64-fedora-clang, r-devel-linux-x86_64-fedora-gcc
These binaries (installable software) and packages are in development.
They may not be fully stable and should be used with caution. We make no claims about them.