CRAN Package Check Results for Package PDN

Last updated on 2025-05-23 01:51:05 CEST.

Flavor Version Tinstall Tcheck Ttotal Status Flags
r-devel-linux-x86_64-debian-clang 0.1.0 10.51 126.84 137.35 NOTE
r-devel-linux-x86_64-debian-gcc 0.1.0 7.09 88.11 95.20 NOTE
r-devel-linux-x86_64-fedora-clang 0.1.0 217.18 NOTE
r-devel-linux-x86_64-fedora-gcc 0.1.0 213.27 NOTE
r-devel-windows-x86_64 0.1.0 12.00 120.00 132.00 OK
r-patched-linux-x86_64 0.1.0 9.99 117.75 127.74 OK
r-release-linux-x86_64 0.1.0 9.15 117.70 126.85 OK
r-release-macos-arm64 0.1.0 61.00 OK
r-release-macos-x86_64 0.1.0 123.00 OK
r-release-windows-x86_64 0.1.0 12.00 121.00 133.00 OK
r-oldrel-macos-arm64 0.1.0 56.00 OK
r-oldrel-macos-x86_64 0.1.0 104.00 OK
r-oldrel-windows-x86_64 0.1.0 13.00 159.00 172.00 OK

Check Details

Version: 0.1.0
Check: CRAN incoming feasibility
Result: NOTE Maintainer: ‘Zhenbang Wang <bruce1edward@gmail.com>’ No Authors@R field in DESCRIPTION. Please add one, modifying Authors@R: c(person(given = "Javier", family = "Cabrera", role = "aut", email = "xavier.cabrera@gmail.com"), person(given = "Fei", family = "Wang", role = "aut", email = "cherry8177@gmail.com"), person(given = "Zhenbang", family = "Wang", role = "cre", email = "bruce1edward@gmail.com")) as necessary. Flavors: r-devel-linux-x86_64-debian-clang, r-devel-linux-x86_64-debian-gcc

Version: 0.1.0
Check: dependencies in R code
Result: NOTE Namespace in Imports field not imported from: ‘glmnet’ All declared Imports should be used. Flavors: r-devel-linux-x86_64-fedora-clang, r-devel-linux-x86_64-fedora-gcc

These binaries (installable software) and packages are in development.
They may not be fully stable and should be used with caution. We make no claims about them.