Last updated on 2025-11-11 17:50:08 CET.
| Flavor | Version | Tinstall | Tcheck | Ttotal | Status | Flags |
|---|---|---|---|---|---|---|
| r-devel-linux-x86_64-debian-clang | 1.0 | 1.73 | 21.18 | 22.91 | NOTE | |
| r-devel-linux-x86_64-debian-gcc | 1.0 | 1.41 | 17.75 | 19.16 | NOTE | |
| r-devel-linux-x86_64-fedora-clang | 1.0 | 34.35 | OK | |||
| r-devel-linux-x86_64-fedora-gcc | 1.0 | 32.27 | OK | |||
| r-devel-windows-x86_64 | 1.0 | 2.00 | 47.00 | 49.00 | OK | |
| r-patched-linux-x86_64 | 1.0 | 1.70 | 19.82 | 21.52 | OK | |
| r-release-linux-x86_64 | 1.0 | 1.62 | 19.65 | 21.27 | OK | |
| r-release-macos-arm64 | 1.0 | 1.00 | 14.00 | 15.00 | OK | |
| r-release-macos-x86_64 | 1.0 | 2.00 | 24.00 | 26.00 | OK | |
| r-release-windows-x86_64 | 1.0 | 3.00 | 43.00 | 46.00 | OK | |
| r-oldrel-macos-arm64 | 1.0 | 1.00 | 14.00 | 15.00 | OK | |
| r-oldrel-macos-x86_64 | 1.0 | 1.00 | 21.00 | 22.00 | OK | |
| r-oldrel-windows-x86_64 | 1.0 | 2.00 | 46.00 | 48.00 | OK |
Version: 1.0
Check: CRAN incoming feasibility
Result: NOTE
Maintainer: ‘Qingyang Zhang <qz008@uark.edu>’
No Authors@R field in DESCRIPTION.
Please add one, modifying
Authors@R: c(person(given = "Qingyang",
family = "Zhang",
role = c("aut", "cre"),
email = "qz008@uark.edu"),
person(given = "Yanchuan",
family = "Li",
role = "aut"))
as necessary.
Found the following \keyword or \concept entries
which likely give several index terms:
File ‘PEGroupTesting-package.Rd’:
\keyword{Group testing, maximum likelihood estimat [TRUNCATED]
Flavors: r-devel-linux-x86_64-debian-clang, r-devel-linux-x86_64-debian-gcc
These binaries (installable software) and packages are in development.
They may not be fully stable and should be used with caution. We make no claims about them.