Last updated on 2024-07-27 15:50:28 CEST.
Flavor | Version | Tinstall | Tcheck | Ttotal | Status | Flags |
---|---|---|---|---|---|---|
r-devel-linux-x86_64-debian-clang | 1.0 | 36.97 | 99.99 | 136.96 | NOTE | |
r-devel-linux-x86_64-debian-gcc | 1.0 | NOTE | ||||
r-devel-linux-x86_64-fedora-clang | 1.0 | 193.81 | NOTE | |||
r-devel-linux-x86_64-fedora-gcc | 1.0 | 188.10 | NOTE | |||
r-devel-windows-x86_64 | 1.0 | 31.00 | 125.00 | 156.00 | NOTE | |
r-patched-linux-x86_64 | 1.0 | NOTE | ||||
r-release-linux-x86_64 | 1.0 | 33.80 | 96.14 | 129.94 | NOTE | |
r-release-macos-arm64 | 1.0 | 57.00 | NOTE | |||
r-release-macos-x86_64 | 1.0 | 92.00 | NOTE | |||
r-release-windows-x86_64 | 1.0 | 35.00 | 126.00 | 161.00 | NOTE | |
r-oldrel-macos-arm64 | 1.0 | 61.00 | OK | |||
r-oldrel-macos-x86_64 | 1.0 | 171.00 | OK | |||
r-oldrel-windows-x86_64 | 1.0 | 36.00 | 137.00 | 173.00 | OK |
Version: 1.0
Check: Rd files
Result: NOTE
checkRd: (-1) mc3_pep.Rd:53: Lost braces; missing escapes or markup?
53 | is not 2^{p} but the number of unique models `visited' by the
| ^
Flavors: r-devel-linux-x86_64-debian-clang, r-devel-linux-x86_64-debian-gcc, r-devel-linux-x86_64-fedora-clang, r-devel-linux-x86_64-fedora-gcc, r-devel-windows-x86_64, r-patched-linux-x86_64, r-release-linux-x86_64, r-release-macos-arm64, r-release-macos-x86_64, r-release-windows-x86_64
These binaries (installable software) and packages are in development.
They may not be fully stable and should be used with caution. We make no claims about them.