Last updated on 2025-05-01 14:49:17 CEST.
Flavor | Version | Tinstall | Tcheck | Ttotal | Status | Flags |
---|---|---|---|---|---|---|
r-devel-linux-x86_64-debian-clang | 0.2.0 | 12.56 | 86.54 | 99.10 | NOTE | |
r-devel-linux-x86_64-debian-gcc | 0.2.0 | 7.45 | 60.61 | 68.06 | NOTE | |
r-devel-linux-x86_64-fedora-clang | 0.2.0 | 145.24 | OK | |||
r-devel-linux-x86_64-fedora-gcc | 0.2.0 | 140.57 | OK | |||
r-devel-windows-x86_64 | 0.2.0 | 14.00 | 103.00 | 117.00 | OK | |
r-patched-linux-x86_64 | 0.2.0 | 11.75 | 81.73 | 93.48 | OK | |
r-release-linux-x86_64 | OK | |||||
r-release-macos-arm64 | 0.2.0 | 49.00 | OK | |||
r-release-macos-x86_64 | 0.2.0 | 81.00 | OK | |||
r-release-windows-x86_64 | 0.2.0 | 13.00 | 112.00 | 125.00 | OK | |
r-oldrel-macos-arm64 | 0.2.0 | 38.00 | OK | |||
r-oldrel-macos-x86_64 | 0.2.0 | 70.00 | OK | |||
r-oldrel-windows-x86_64 | 0.2.0 | 18.00 | 124.00 | 142.00 | OK |
Version: 0.2.0
Check: CRAN incoming feasibility
Result: NOTE
Maintainer: ‘Laura Vicente-Gonzalez <laura20vg@usal.es>’
No Authors@R field in DESCRIPTION.
Please add one, modifying
Authors@R: c(person(given = "Laura",
family = "Vicente-Gonzalez",
role = c("aut", "cre"),
email = "laura20vg@usal.es"),
person(given = c("Jose", "Luis"),
family = "Vicente-Villardon",
role = "aut"))
as necessary.
Flavors: r-devel-linux-x86_64-debian-clang, r-devel-linux-x86_64-debian-gcc
These binaries (installable software) and packages are in development.
They may not be fully stable and should be used with caution. We make no claims about them.