Last updated on 2025-05-01 14:49:17 CEST.
Flavor | Version | Tinstall | Tcheck | Ttotal | Status | Flags |
---|---|---|---|---|---|---|
r-devel-linux-x86_64-debian-clang | 1.5 | 4.14 | 37.13 | 41.27 | NOTE | |
r-devel-linux-x86_64-debian-gcc | 1.5 | 2.38 | 26.52 | 28.90 | NOTE | |
r-devel-linux-x86_64-fedora-clang | 1.5 | 64.65 | OK | |||
r-devel-linux-x86_64-fedora-gcc | 1.5 | 64.01 | OK | |||
r-devel-windows-x86_64 | 1.5 | 5.00 | 65.00 | 70.00 | OK | |
r-patched-linux-x86_64 | 1.5 | 3.56 | 35.30 | 38.86 | OK | |
r-release-linux-x86_64 | OK | |||||
r-release-macos-arm64 | 1.5 | 23.00 | OK | |||
r-release-macos-x86_64 | 1.5 | 39.00 | OK | |||
r-release-windows-x86_64 | 1.5 | 7.00 | 68.00 | 75.00 | OK | |
r-oldrel-macos-arm64 | 1.5 | 22.00 | OK | |||
r-oldrel-macos-x86_64 | 1.5 | 36.00 | OK | |||
r-oldrel-windows-x86_64 | 1.5 | 7.00 | 68.00 | 75.00 | OK |
Version: 1.5
Check: CRAN incoming feasibility
Result: NOTE
Maintainer: ‘Gul Inan <ginan@metu.edu.tr>’
No Authors@R field in DESCRIPTION.
Please add one, modifying
Authors@R: c(person(given = "Gul",
family = "Inan",
role = c("aut", "cre"),
email = "ginan@metu.edu.tr",
comment = "Lecturer, Middle East Technical University"),
person(given = "Jianhui",
family = "Zhou",
role = "aut",
comment = "Associate Professor, University of Virginia"),
person(given = "Lan",
family = "Wang",
role = "aut",
comment = c(ROR = "Professor", "University of Minnesota")))
as necessary.
Found the following \keyword or \concept entries
which likely give several index terms:
File ‘PGEE-package.Rd’:
\keyword{high-dimensional covariates, longitudinal [TRUNCATED]
Flavors: r-devel-linux-x86_64-debian-clang, r-devel-linux-x86_64-debian-gcc
Version: 1.5
Check: examples
Result: NOTE
Examples with CPU (user + system) or elapsed time > 5s
user system elapsed
PGEE 5.844 0.098 7.002
Flavor: r-devel-linux-x86_64-debian-clang
These binaries (installable software) and packages are in development.
They may not be fully stable and should be used with caution. We make no claims about them.