CRAN Package Check Results for Package PHInfiniteEstimates

Last updated on 2025-05-01 17:56:11 CEST.

Flavor Version Tinstall Tcheck Ttotal Status Flags
r-devel-linux-x86_64-debian-clang 2.9.5 12.18 93.75 105.93 NOTE
r-devel-linux-x86_64-debian-gcc 2.9.5 7.89 66.01 73.90 NOTE
r-devel-linux-x86_64-fedora-clang 2.9.5 153.77 OK
r-devel-linux-x86_64-fedora-gcc 2.9.5 145.82 OK
r-devel-windows-x86_64 2.9.5 13.00 106.00 119.00 OK
r-patched-linux-x86_64 2.9.5 10.25 87.27 97.52 OK
r-release-linux-x86_64 OK
r-release-macos-arm64 2.9.5 45.00 OK
r-release-macos-x86_64 2.9.5 84.00 OK
r-release-windows-x86_64 2.9.5 13.00 111.00 124.00 OK
r-oldrel-macos-arm64 2.9.5 40.00 OK
r-oldrel-macos-x86_64 2.9.5 66.00 OK
r-oldrel-windows-x86_64 2.9.5 16.00 129.00 145.00 OK

Check Details

Version: 2.9.5
Check: CRAN incoming feasibility
Result: NOTE Maintainer: ‘John E. Kolassa <kolassa@stat.rutgers.edu>’ No Authors@R field in DESCRIPTION. Please add one, modifying Authors@R: c(person(given = c("John", "E."), family = "Kolassa", role = c("aut", "cre"), email = "kolassa@stat.rutgers.edu"), person(given = "Juan", family = "Zhang", role = "aut")) as necessary. Flavors: r-devel-linux-x86_64-debian-clang, r-devel-linux-x86_64-debian-gcc

These binaries (installable software) and packages are in development.
They may not be fully stable and should be used with caution. We make no claims about them.