Last updated on 2025-02-16 10:50:54 CET.
Flavor | Version | Tinstall | Tcheck | Ttotal | Status | Flags |
---|---|---|---|---|---|---|
r-devel-linux-x86_64-debian-clang | 1.0.11 | 3.10 | 24.66 | 27.76 | NOTE | |
r-devel-linux-x86_64-debian-gcc | 1.0.11 | 2.24 | 19.00 | 21.24 | NOTE | |
r-devel-linux-x86_64-fedora-clang | 1.0.11 | 46.63 | NOTE | |||
r-devel-linux-x86_64-fedora-gcc | 1.0.11 | 41.67 | NOTE | |||
r-devel-macos-arm64 | 1.0.11 | 16.00 | NOTE | |||
r-devel-macos-x86_64 | 1.0.11 | 41.00 | NOTE | |||
r-devel-windows-x86_64 | 1.0.11 | 4.00 | 46.00 | 50.00 | NOTE | |
r-patched-linux-x86_64 | 1.0.11 | 3.17 | 22.93 | 26.10 | NOTE | |
r-release-linux-x86_64 | 1.0.11 | 2.53 | 23.25 | 25.78 | NOTE | |
r-release-macos-arm64 | 1.0.11 | 16.00 | NOTE | |||
r-release-macos-x86_64 | 1.0.11 | 35.00 | NOTE | |||
r-release-windows-x86_64 | 1.0.11 | 4.00 | 46.00 | 50.00 | NOTE | |
r-oldrel-macos-arm64 | 1.0.11 | 18.00 | NOTE | |||
r-oldrel-macos-x86_64 | 1.0.11 | 24.00 | NOTE | |||
r-oldrel-windows-x86_64 | 1.0.11 | 5.00 | 49.00 | 54.00 | NOTE |
Version: 1.0.11
Check: Rd files
Result: NOTE
checkRd: (-1) GarlandJanis.IC.Rd:4: Escaped LaTeX specials: \&
checkRd: (-1) GarlandJanis.IC.Rd:6: Escaped LaTeX specials: \&
checkRd: (-1) GarlandJanis.Original.Rd:4: Escaped LaTeX specials: \&
checkRd: (-1) GarlandJanis.Original.Rd:6: Escaped LaTeX specials: \&
checkRd: (-1) GarlandJanis.varcov.Rd:3: Escaped LaTeX specials: \&
checkRd: (-1) GarlandJanis.varcov.Rd:5: Escaped LaTeX specials: \&
checkRd: (-1) GarlandJanis.varcov.Rd:7: Escaped LaTeX specials: \&
Flavors: r-devel-linux-x86_64-debian-clang, r-devel-linux-x86_64-debian-gcc, r-devel-linux-x86_64-fedora-clang, r-devel-linux-x86_64-fedora-gcc, r-devel-macos-arm64, r-devel-macos-x86_64, r-devel-windows-x86_64, r-patched-linux-x86_64, r-release-linux-x86_64, r-release-macos-arm64, r-release-macos-x86_64, r-release-windows-x86_64, r-oldrel-macos-arm64, r-oldrel-macos-x86_64, r-oldrel-windows-x86_64
These binaries (installable software) and packages are in development.
They may not be fully stable and should be used with caution. We make no claims about them.