Last updated on 2025-10-24 03:50:39 CEST.
| Flavor | Version | Tinstall | Tcheck | Ttotal | Status | Flags |
|---|---|---|---|---|---|---|
| r-devel-linux-x86_64-debian-clang | 2.0.9 | 26.64 | 70.23 | 96.87 | OK | |
| r-devel-linux-x86_64-debian-gcc | 2.0.9 | 14.45 | 52.90 | 67.35 | NOTE | |
| r-devel-linux-x86_64-fedora-clang | 2.0.9 | 75.00 | 86.20 | 161.20 | OK | |
| r-devel-linux-x86_64-fedora-gcc | 2.0.9 | 41.00 | 116.50 | 157.50 | OK | |
| r-devel-windows-x86_64 | 2.0.9 | 31.00 | 103.00 | 134.00 | OK | |
| r-patched-linux-x86_64 | 2.0.9 | 22.85 | 67.65 | 90.50 | OK | |
| r-release-linux-x86_64 | 2.0.9 | 24.14 | 67.93 | 92.07 | OK | |
| r-release-macos-arm64 | 2.0.9 | 8.00 | 45.00 | 53.00 | OK | |
| r-release-macos-x86_64 | 2.0.9 | 19.00 | 73.00 | 92.00 | OK | |
| r-release-windows-x86_64 | 2.0.9 | 35.00 | 103.00 | 138.00 | OK | |
| r-oldrel-macos-arm64 | 2.0.9 | 10.00 | 43.00 | 53.00 | OK | |
| r-oldrel-macos-x86_64 | 2.0.9 | 27.00 | 82.00 | 109.00 | OK | |
| r-oldrel-windows-x86_64 | 2.0.9 | 40.00 | 127.00 | 167.00 | OK |
Version: 2.0.9
Check: Rd files
Result: NOTE
checkRd: (-1) AML2004.Rd:10-14: Only 4 columns allowed in this table (row 1 has 3)
checkRd: (-1) AML2004.Rd:10-14: Only 4 columns allowed in this table (row 2 has 3)
checkRd: (-1) AML2004.Rd:10-14: Only 4 columns allowed in this table (row 3 has 3)
checkRd: (-1) KIRC.Rd:12-18: Only 4 columns allowed in this table (row 1 has 3)
checkRd: (-1) KIRC.Rd:12-18: Only 4 columns allowed in this table (row 2 has 3)
checkRd: (-1) KIRC.Rd:12-18: Only 4 columns allowed in this table (row 3 has 3)
checkRd: (-1) KIRC.Rd:12-18: Only 4 columns allowed in this table (row 4 has 3)
checkRd: (-1) KIRC.Rd:12-18: Only 4 columns allowed in this table (row 5 has 3)
Flavor: r-devel-linux-x86_64-debian-gcc
These binaries (installable software) and packages are in development.
They may not be fully stable and should be used with caution. We make no claims about them.