Last updated on 2025-11-13 01:50:29 CET.
| Flavor | Version | Tinstall | Tcheck | Ttotal | Status | Flags |
|---|---|---|---|---|---|---|
| r-devel-linux-x86_64-debian-clang | 0.1.2 | 17.57 | 840.92 | 858.49 | OK | |
| r-devel-linux-x86_64-debian-gcc | 0.1.2 | 11.24 | 518.35 | 529.59 | OK | |
| r-devel-linux-x86_64-fedora-clang | 0.1.2 | 50.00 | 1445.51 | 1495.51 | OK | |
| r-devel-linux-x86_64-fedora-gcc | 0.1.2 | 40.00 | 1377.01 | 1417.01 | OK | |
| r-devel-windows-x86_64 | 0.1.2 | 22.00 | 691.00 | 713.00 | OK | |
| r-patched-linux-x86_64 | 0.1.2 | 20.43 | 824.91 | 845.34 | OK | |
| r-release-linux-x86_64 | 0.1.2 | 18.51 | 923.88 | 942.39 | OK | |
| r-release-macos-arm64 | 0.1.2 | 8.00 | 275.00 | 283.00 | OK | |
| r-release-macos-x86_64 | 0.1.2 | 15.00 | 719.00 | 734.00 | OK | |
| r-release-windows-x86_64 | 0.1.2 | 20.00 | 765.00 | 785.00 | OK | |
| r-oldrel-macos-arm64 | 0.1.2 | 7.00 | 276.00 | 283.00 | NOTE | |
| r-oldrel-macos-x86_64 | 0.1.2 | 16.00 | 561.00 | 577.00 | NOTE | |
| r-oldrel-windows-x86_64 | 0.1.2 | 27.00 | 1111.00 | 1138.00 | OK |
Version: 0.1.2
Check: installed package size
Result: NOTE
installed size is 5.1Mb
sub-directories of 1Mb or more:
data 2.1Mb
doc 2.0Mb
Flavors: r-oldrel-macos-arm64, r-oldrel-macos-x86_64
These binaries (installable software) and packages are in development.
They may not be fully stable and should be used with caution. We make no claims about them.