Last updated on 2024-07-27 15:50:29 CEST.
Flavor | Version | Tinstall | Tcheck | Ttotal | Status | Flags |
---|---|---|---|---|---|---|
r-devel-linux-x86_64-debian-clang | 0.1.2 | 19.67 | 1233.07 | 1252.74 | OK | |
r-devel-linux-x86_64-debian-gcc | 0.1.2 | OK | ||||
r-devel-linux-x86_64-fedora-clang | 0.1.2 | 1605.16 | OK | |||
r-devel-linux-x86_64-fedora-gcc | 0.1.2 | 1478.91 | OK | |||
r-devel-windows-x86_64 | 0.1.2 | 21.00 | 714.00 | 735.00 | OK | |
r-patched-linux-x86_64 | 0.1.2 | OK | ||||
r-release-linux-x86_64 | 0.1.2 | 21.84 | 1213.10 | 1234.94 | OK | |
r-release-macos-arm64 | 0.1.2 | 283.00 | NOTE | |||
r-release-macos-x86_64 | 0.1.2 | 577.00 | NOTE | |||
r-release-windows-x86_64 | 0.1.2 | 19.00 | 698.00 | 717.00 | OK | |
r-oldrel-macos-arm64 | 0.1.2 | 342.00 | NOTE | |||
r-oldrel-macos-x86_64 | 0.1.2 | 734.00 | NOTE | |||
r-oldrel-windows-x86_64 | 0.1.2 | 27.00 | 1086.00 | 1113.00 | OK |
Version: 0.1.2
Check: installed package size
Result: NOTE
installed size is 5.1Mb
sub-directories of 1Mb or more:
data 2.1Mb
doc 2.0Mb
Flavors: r-release-macos-arm64, r-release-macos-x86_64, r-oldrel-macos-arm64, r-oldrel-macos-x86_64
These binaries (installable software) and packages are in development.
They may not be fully stable and should be used with caution. We make no claims about them.