Last updated on 2025-05-01 17:56:11 CEST.
Flavor | Version | Tinstall | Tcheck | Ttotal | Status | Flags |
---|---|---|---|---|---|---|
r-devel-linux-x86_64-debian-clang | 0.1.2 | 18.47 | 824.54 | 843.01 | NOTE | |
r-devel-linux-x86_64-debian-gcc | 0.1.2 | 12.27 | 544.28 | 556.55 | OK | |
r-devel-linux-x86_64-fedora-clang | 0.1.2 | 1354.91 | OK | |||
r-devel-linux-x86_64-fedora-gcc | 0.1.2 | 1526.46 | OK | |||
r-devel-windows-x86_64 | 0.1.2 | 20.00 | 681.00 | 701.00 | OK | |
r-patched-linux-x86_64 | 0.1.2 | 19.25 | 804.99 | 824.24 | OK | |
r-release-linux-x86_64 | OK | |||||
r-release-macos-arm64 | 0.1.2 | 283.00 | OK | |||
r-release-macos-x86_64 | 0.1.2 | 734.00 | OK | |||
r-release-windows-x86_64 | 0.1.2 | 20.00 | 684.00 | 704.00 | OK | |
r-oldrel-macos-arm64 | 0.1.2 | 283.00 | NOTE | |||
r-oldrel-macos-x86_64 | 0.1.2 | 577.00 | NOTE | |||
r-oldrel-windows-x86_64 | 0.1.2 | 24.00 | 1136.00 | 1160.00 | OK |
Version: 0.1.2
Check: examples
Result: NOTE
Examples with CPU (user + system) or elapsed time > 5s
user system elapsed
adjpin 5.840 0.115 7.860
generatedata_adjpin 5.224 0.008 5.898
initials_adjpin 5.080 0.008 6.072
pin_yz 4.570 0.000 5.686
Flavor: r-devel-linux-x86_64-debian-clang
Version: 0.1.2
Check: installed package size
Result: NOTE
installed size is 5.1Mb
sub-directories of 1Mb or more:
data 2.1Mb
doc 2.0Mb
Flavors: r-oldrel-macos-arm64, r-oldrel-macos-x86_64
These binaries (installable software) and packages are in development.
They may not be fully stable and should be used with caution. We make no claims about them.