Last updated on 2025-02-16 10:50:54 CET.
Flavor | Version | Tinstall | Tcheck | Ttotal | Status | Flags |
---|---|---|---|---|---|---|
r-devel-linux-x86_64-debian-clang | 0.1.0 | 67.30 | 56.59 | 123.89 | OK | |
r-devel-linux-x86_64-debian-gcc | 0.1.0 | 51.12 | 42.12 | 93.24 | OK | |
r-devel-linux-x86_64-fedora-clang | 0.1.0 | 215.81 | OK | |||
r-devel-linux-x86_64-fedora-gcc | 0.1.0 | 234.66 | OK | |||
r-devel-macos-arm64 | 0.1.0 | 56.00 | OK | |||
r-devel-macos-x86_64 | 0.1.0 | 109.00 | OK | |||
r-devel-windows-x86_64 | 0.1.0 | 62.00 | 91.00 | 153.00 | OK | |
r-patched-linux-x86_64 | 0.1.0 | 71.39 | 53.79 | 125.18 | OK | |
r-release-linux-x86_64 | 0.1.0 | 67.36 | 53.79 | 121.15 | OK | |
r-release-macos-arm64 | 0.1.0 | 57.00 | NOTE | |||
r-release-macos-x86_64 | 0.1.0 | 118.00 | NOTE | |||
r-release-windows-x86_64 | 0.1.0 | 63.00 | 92.00 | 155.00 | OK | |
r-oldrel-macos-arm64 | 0.1.0 | 60.00 | NOTE | |||
r-oldrel-macos-x86_64 | 0.1.0 | 135.00 | NOTE | |||
r-oldrel-windows-x86_64 | 0.1.0 | 77.00 | 114.00 | 191.00 | OK |
Version: 0.1.0
Check: installed package size
Result: NOTE
installed size is 9.2Mb
sub-directories of 1Mb or more:
libs 8.6Mb
Flavors: r-release-macos-arm64, r-release-macos-x86_64, r-oldrel-macos-arm64, r-oldrel-macos-x86_64
These binaries (installable software) and packages are in development.
They may not be fully stable and should be used with caution. We make no claims about them.