Last updated on 2025-10-23 23:49:39 CEST.
| Flavor | Version | Tinstall | Tcheck | Ttotal | Status | Flags |
|---|---|---|---|---|---|---|
| r-devel-linux-x86_64-debian-clang | 1.3-6 | 5.50 | 50.40 | 55.90 | NOTE | |
| r-devel-linux-x86_64-debian-gcc | 1.3-6 | 3.03 | 34.73 | 37.76 | NOTE | |
| r-devel-linux-x86_64-fedora-clang | 1.3-6 | 15.00 | 72.37 | 87.37 | OK | |
| r-devel-linux-x86_64-fedora-gcc | 1.3-6 | 13.00 | 70.15 | 83.15 | OK | |
| r-devel-windows-x86_64 | 1.3-6 | 6.00 | 63.00 | 69.00 | OK | |
| r-patched-linux-x86_64 | 1.3-6 | 6.17 | 46.87 | 53.04 | OK | |
| r-release-linux-x86_64 | 1.3-6 | 4.85 | 48.61 | 53.46 | OK | |
| r-release-macos-arm64 | 1.3-6 | 2.00 | 24.00 | 26.00 | OK | |
| r-release-macos-x86_64 | 1.3-6 | 4.00 | 44.00 | 48.00 | OK | |
| r-release-windows-x86_64 | 1.3-6 | 5.00 | 65.00 | 70.00 | OK | |
| r-oldrel-macos-arm64 | 1.3-6 | 2.00 | 24.00 | 26.00 | OK | |
| r-oldrel-macos-x86_64 | 1.3-6 | 4.00 | 34.00 | 38.00 | OK | |
| r-oldrel-windows-x86_64 | 1.3-6 | 5.00 | 62.00 | 67.00 | OK |
Version: 1.3-6
Check: CRAN incoming feasibility
Result: NOTE
Maintainer: ‘Thomas Jaki <jaki.thomas@gmail.com>’
No Authors@R field in DESCRIPTION.
Please add one, modifying
Authors@R: c(person(given = "Thomas",
family = "Jaki",
role = c("aut", "cre"),
email = "jaki.thomas@gmail.com"),
person(given = c("Martin", "J."),
family = "Wolfsegger",
role = "aut",
email = "wolfseggerm@gmx.at"))
as necessary.
Flavors: r-devel-linux-x86_64-debian-clang, r-devel-linux-x86_64-debian-gcc
These binaries (installable software) and packages are in development.
They may not be fully stable and should be used with caution. We make no claims about them.