Last updated on 2025-10-23 23:49:39 CEST.
| Flavor | Version | Tinstall | Tcheck | Ttotal | Status | Flags |
|---|---|---|---|---|---|---|
| r-devel-linux-x86_64-debian-clang | 0.1-15 | 7.00 | 25.73 | 32.73 | OK | |
| r-devel-linux-x86_64-debian-gcc | 0.1-15 | 5.88 | 21.17 | 27.05 | OK | |
| r-devel-linux-x86_64-fedora-clang | 0.1-15 | 21.00 | 30.90 | 51.90 | OK | |
| r-devel-linux-x86_64-fedora-gcc | 0.1-15 | 18.00 | 30.33 | 48.33 | OK | |
| r-devel-windows-x86_64 | 0.1-15 | 16.00 | 104.00 | 120.00 | OK | |
| r-patched-linux-x86_64 | 0.1-15 | 6.70 | 24.62 | 31.32 | OK | |
| r-release-linux-x86_64 | 0.1-15 | 6.49 | 24.10 | 30.59 | OK | |
| r-release-macos-arm64 | 0.1-15 | 9.00 | 16.00 | 25.00 | OK | |
| r-release-macos-x86_64 | 0.1-15 | 20.00 | 26.00 | 46.00 | OK | |
| r-release-windows-x86_64 | 0.1-15 | 21.00 | 104.00 | 125.00 | OK | |
| r-oldrel-macos-arm64 | 0.1-15 | 9.00 | 20.00 | 29.00 | NOTE | |
| r-oldrel-macos-x86_64 | 0.1-15 | 21.00 | 35.00 | 56.00 | NOTE | |
| r-oldrel-windows-x86_64 | 0.1-15 | 25.00 | 119.00 | 144.00 | NOTE |
Version: 0.1-15
Check: installed package size
Result: NOTE
installed size is 5.5Mb
sub-directories of 1Mb or more:
libs 5.3Mb
Flavors: r-oldrel-macos-arm64, r-oldrel-macos-x86_64, r-oldrel-windows-x86_64
These binaries (installable software) and packages are in development.
They may not be fully stable and should be used with caution. We make no claims about them.