Last updated on 2025-02-16 10:50:54 CET.
Flavor | Version | Tinstall | Tcheck | Ttotal | Status | Flags |
---|---|---|---|---|---|---|
r-devel-linux-x86_64-debian-clang | 0.1-14 | 7.29 | 23.22 | 30.51 | NOTE | |
r-devel-linux-x86_64-debian-gcc | 0.1-14 | 5.77 | 18.59 | 24.36 | NOTE | |
r-devel-linux-x86_64-fedora-clang | 0.1-14 | 53.91 | NOTE | |||
r-devel-linux-x86_64-fedora-gcc | 0.1-14 | 51.39 | NOTE | |||
r-devel-macos-arm64 | 0.1-14 | 24.00 | OK | |||
r-devel-macos-x86_64 | 0.1-14 | 39.00 | OK | |||
r-devel-windows-x86_64 | 0.1-14 | 14.00 | 102.00 | 116.00 | OK | |
r-patched-linux-x86_64 | 0.1-14 | 6.59 | 21.80 | 28.39 | OK | |
r-release-linux-x86_64 | 0.1-14 | 6.12 | 21.94 | 28.06 | OK | |
r-release-macos-arm64 | 0.1-14 | 29.00 | OK | |||
r-release-macos-x86_64 | 0.1-14 | 53.00 | OK | |||
r-release-windows-x86_64 | 0.1-14 | 20.00 | 97.00 | 117.00 | NOTE | |
r-oldrel-macos-arm64 | 0.1-14 | 32.00 | OK | |||
r-oldrel-macos-x86_64 | 0.1-14 | 55.00 | OK | |||
r-oldrel-windows-x86_64 | 0.1-14 | 15.00 | 112.00 | 127.00 | OK |
Version: 0.1-14
Check: top-level files
Result: NOTE
possible bashism in configure.ac line 39 (test -a/-o):
if test x"${PKG_CPPFLAGS}" = x -a x"${PKG_LIBS}" = x -a x"$PKGCONFIG" != x; then
Flavors: r-devel-linux-x86_64-debian-clang, r-devel-linux-x86_64-debian-gcc, r-devel-linux-x86_64-fedora-clang, r-devel-linux-x86_64-fedora-gcc
Version: 0.1-14
Check: installed package size
Result: NOTE
installed size is 5.3Mb
sub-directories of 1Mb or more:
libs 5.1Mb
Flavor: r-release-windows-x86_64
These binaries (installable software) and packages are in development.
They may not be fully stable and should be used with caution. We make no claims about them.