Last updated on 2025-10-30 19:53:32 CET.
| Flavor | Version | Tinstall | Tcheck | Ttotal | Status | Flags |
|---|---|---|---|---|---|---|
| r-devel-linux-x86_64-debian-clang | 1.0.1 | 6.54 | 58.46 | 65.00 | NOTE | |
| r-devel-linux-x86_64-debian-gcc | 1.0.1 | 4.95 | 43.97 | 48.92 | NOTE | |
| r-devel-linux-x86_64-fedora-clang | 1.0.1 | 13.00 | 88.04 | 101.04 | OK | |
| r-devel-linux-x86_64-fedora-gcc | 1.0.1 | 14.00 | 78.99 | 92.99 | OK | |
| r-devel-windows-x86_64 | 1.0.1 | 8.00 | 64.00 | 72.00 | OK | |
| r-patched-linux-x86_64 | 1.0.1 | 5.71 | 54.37 | 60.08 | OK | |
| r-release-linux-x86_64 | 1.0.1 | 6.36 | 55.12 | 61.48 | OK | |
| r-release-macos-arm64 | 1.0.1 | 3.00 | 30.00 | 33.00 | OK | |
| r-release-macos-x86_64 | 1.0.1 | 6.00 | 54.00 | 60.00 | OK | |
| r-release-windows-x86_64 | 1.0.1 | 8.00 | 66.00 | 74.00 | OK | |
| r-oldrel-macos-arm64 | 1.0.1 | 3.00 | 29.00 | 32.00 | OK | |
| r-oldrel-macos-x86_64 | 1.0.1 | 5.00 | 45.00 | 50.00 | OK | |
| r-oldrel-windows-x86_64 | 1.0.1 | 9.00 | 81.00 | 90.00 | OK |
Version: 1.0.1
Check: CRAN incoming feasibility
Result: NOTE
Maintainer: ‘Meta-Lina Spohn <metalina.spohn@stat.math.ethz.ch>’
The Description field contains
Michel et al. (2021) <arXiv:2109.10150>.
Please refer to arXiv e-prints via their arXiv DOI <doi:10.48550/arXiv.YYMM.NNNNN>.
Flavors: r-devel-linux-x86_64-debian-clang, r-devel-linux-x86_64-debian-gcc
These binaries (installable software) and packages are in development.
They may not be fully stable and should be used with caution. We make no claims about them.