Last updated on 2025-05-08 04:52:14 CEST.
Flavor | Version | Tinstall | Tcheck | Ttotal | Status | Flags |
---|---|---|---|---|---|---|
r-devel-linux-x86_64-debian-clang | 0.11.0 | 13.78 | 299.17 | 312.95 | NOTE | |
r-devel-linux-x86_64-debian-gcc | 0.11.0 | 11.24 | 201.04 | 212.28 | NOTE | |
r-devel-linux-x86_64-fedora-clang | 0.11.0 | 534.97 | NOTE | |||
r-devel-linux-x86_64-fedora-gcc | 0.11.0 | 488.79 | NOTE | |||
r-devel-windows-x86_64 | 0.11.0 | 21.00 | 285.00 | 306.00 | NOTE | |
r-patched-linux-x86_64 | 0.11.0 | 18.60 | 280.23 | 298.83 | NOTE | |
r-release-linux-x86_64 | 0.11.0 | 14.99 | 280.08 | 295.07 | NOTE | |
r-release-macos-arm64 | 0.11.0 | 123.00 | NOTE | |||
r-release-macos-x86_64 | 0.11.0 | 279.00 | NOTE | |||
r-release-windows-x86_64 | 0.11.0 | 18.00 | 287.00 | 305.00 | NOTE | |
r-oldrel-macos-arm64 | 0.11.0 | 138.00 | OK | |||
r-oldrel-macos-x86_64 | 0.11.0 | 355.00 | OK | |||
r-oldrel-windows-x86_64 | 0.11.0 | 24.00 | 368.00 | 392.00 | OK |
Version: 0.11.0
Check: DESCRIPTION meta-information
Result: NOTE
Missing dependency on R >= 4.1.0 because package code uses the pipe
|> or function shorthand \(...) syntax added in R 4.1.0.
File(s) using such syntax:
‘class-summary_PKNCAresults.R’
Flavors: r-devel-linux-x86_64-debian-clang, r-devel-linux-x86_64-debian-gcc, r-devel-linux-x86_64-fedora-clang, r-devel-linux-x86_64-fedora-gcc, r-devel-windows-x86_64, r-patched-linux-x86_64, r-release-linux-x86_64, r-release-macos-arm64, r-release-macos-x86_64, r-release-windows-x86_64
These binaries (installable software) and packages are in development.
They may not be fully stable and should be used with caution. We make no claims about them.