Last updated on 2025-11-11 15:50:42 CET.
| Flavor | Version | Tinstall | Tcheck | Ttotal | Status | Flags |
|---|---|---|---|---|---|---|
| r-devel-linux-x86_64-debian-clang | 1.4.1 | 54.40 | 477.51 | 531.91 | OK | |
| r-devel-linux-x86_64-debian-gcc | 1.4.1 | 39.25 | 340.53 | 379.78 | OK | |
| r-devel-linux-x86_64-fedora-clang | 1.4.1 | 91.00 | 848.81 | 939.81 | NOTE | |
| r-devel-linux-x86_64-fedora-gcc | 1.4.1 | 124.00 | 857.91 | 981.91 | NOTE | |
| r-devel-windows-x86_64 | 1.4.1 | 70.00 | 613.00 | 683.00 | OK | |
| r-patched-linux-x86_64 | 1.4.1 | 61.20 | 517.38 | 578.58 | OK | |
| r-release-linux-x86_64 | 1.4.1 | 58.39 | 498.88 | 557.27 | OK | |
| r-release-macos-arm64 | 1.4.1 | 21.00 | 188.00 | 209.00 | OK | |
| r-release-macos-x86_64 | 1.4.1 | 23.00 | 389.00 | 412.00 | OK | |
| r-release-windows-x86_64 | 1.4.1 | 67.00 | 581.00 | 648.00 | OK | |
| r-oldrel-macos-arm64 | 1.4.1 | 19.00 | 198.00 | 217.00 | OK | |
| r-oldrel-macos-x86_64 | 1.4.1 | 27.00 | 409.00 | 436.00 | OK | |
| r-oldrel-windows-x86_64 | 1.4.1 | 85.00 | 723.00 | 808.00 | OK |
Version: 1.4.1
Check: dependencies in R code
Result: NOTE
Namespace in Imports field not imported from: ‘BH’
All declared Imports should be used.
Flavors: r-devel-linux-x86_64-fedora-clang, r-devel-linux-x86_64-fedora-gcc
These binaries (installable software) and packages are in development.
They may not be fully stable and should be used with caution. We make no claims about them.