Last updated on 2025-02-16 10:50:54 CET.
Flavor | Version | Tinstall | Tcheck | Ttotal | Status | Flags |
---|---|---|---|---|---|---|
r-devel-linux-x86_64-debian-clang | 1.4.0 | 57.94 | 473.70 | 531.64 | OK | |
r-devel-linux-x86_64-debian-gcc | 1.4.0 | 41.99 | 363.64 | 405.63 | OK | |
r-devel-linux-x86_64-fedora-clang | 1.4.0 | 1014.40 | NOTE | |||
r-devel-linux-x86_64-fedora-gcc | 1.4.0 | 1122.04 | NOTE | |||
r-devel-macos-arm64 | 1.4.0 | 221.00 | OK | |||
r-devel-macos-x86_64 | 1.4.0 | 493.00 | OK | |||
r-devel-windows-x86_64 | 1.4.0 | 63.00 | 563.00 | 626.00 | OK | |
r-patched-linux-x86_64 | 1.4.0 | 60.65 | 485.69 | 546.34 | OK | |
r-release-linux-x86_64 | 1.4.0 | 61.17 | 498.72 | 559.89 | OK | |
r-release-macos-arm64 | 1.4.0 | 237.00 | OK | |||
r-release-macos-x86_64 | 1.4.0 | 729.00 | OK | |||
r-release-windows-x86_64 | 1.4.0 | 64.00 | 552.00 | 616.00 | OK | |
r-oldrel-macos-arm64 | 1.4.0 | 212.00 | OK | |||
r-oldrel-macos-x86_64 | 1.4.0 | 444.00 | OK | |||
r-oldrel-windows-x86_64 | 1.4.0 | 78.00 | 689.00 | 767.00 | OK |
Version: 1.4.0
Check: dependencies in R code
Result: NOTE
Namespace in Imports field not imported from: ‘BH’
All declared Imports should be used.
Flavors: r-devel-linux-x86_64-fedora-clang, r-devel-linux-x86_64-fedora-gcc
These binaries (installable software) and packages are in development.
They may not be fully stable and should be used with caution. We make no claims about them.