Last updated on 2025-07-02 03:50:48 CEST.
Flavor | Version | Tinstall | Tcheck | Ttotal | Status | Flags |
---|---|---|---|---|---|---|
r-devel-linux-x86_64-debian-clang | 1.4.1 | 58.70 | 478.40 | 537.10 | OK | |
r-devel-linux-x86_64-debian-gcc | 1.4.1 | 40.79 | 362.46 | 403.25 | OK | |
r-devel-linux-x86_64-fedora-clang | 1.4.1 | 937.67 | NOTE | |||
r-devel-linux-x86_64-fedora-gcc | 1.4.1 | 971.99 | NOTE | |||
r-devel-windows-x86_64 | 1.4.1 | 71.00 | 587.00 | 658.00 | OK | |
r-patched-linux-x86_64 | OK | |||||
r-release-linux-x86_64 | 1.4.1 | 59.77 | 489.70 | 549.47 | OK | |
r-release-macos-arm64 | 1.4.1 | 209.00 | OK | |||
r-release-macos-x86_64 | 1.4.1 | 412.00 | OK | |||
r-release-windows-x86_64 | 1.4.1 | 67.00 | 577.00 | 644.00 | OK | |
r-oldrel-macos-arm64 | 1.4.1 | 217.00 | OK | |||
r-oldrel-macos-x86_64 | 1.4.1 | 436.00 | OK | |||
r-oldrel-windows-x86_64 | 1.4.1 | 84.00 | 712.00 | 796.00 | OK |
Version: 1.4.1
Check: dependencies in R code
Result: NOTE
Namespace in Imports field not imported from: ‘BH’
All declared Imports should be used.
Flavors: r-devel-linux-x86_64-fedora-clang, r-devel-linux-x86_64-fedora-gcc
These binaries (installable software) and packages are in development.
They may not be fully stable and should be used with caution. We make no claims about them.