Last updated on 2025-11-11 15:50:42 CET.
| Flavor | Version | Tinstall | Tcheck | Ttotal | Status | Flags |
|---|---|---|---|---|---|---|
| r-devel-linux-x86_64-debian-clang | 0.3.0 | 14.57 | 124.90 | 139.47 | OK | |
| r-devel-linux-x86_64-debian-gcc | 0.3.0 | 10.29 | 85.85 | 96.14 | OK | |
| r-devel-linux-x86_64-fedora-clang | 0.3.0 | 32.00 | 189.09 | 221.09 | OK | |
| r-devel-linux-x86_64-fedora-gcc | 0.3.0 | 31.00 | 168.55 | 199.55 | OK | |
| r-devel-windows-x86_64 | 0.3.0 | 15.00 | 120.00 | 135.00 | OK | |
| r-patched-linux-x86_64 | 0.3.0 | 12.79 | 115.55 | 128.34 | OK | |
| r-release-linux-x86_64 | 0.3.0 | 13.29 | 116.39 | 129.68 | OK | |
| r-release-macos-arm64 | 0.3.0 | 7.00 | 55.00 | 62.00 | OK | |
| r-release-macos-x86_64 | 0.3.0 | 12.00 | 124.00 | 136.00 | WARN | |
| r-release-windows-x86_64 | 0.3.0 | 17.00 | 115.00 | 132.00 | OK | |
| r-oldrel-macos-arm64 | 0.3.0 | 6.00 | 51.00 | 57.00 | OK | |
| r-oldrel-macos-x86_64 | 0.3.0 | 12.00 | 127.00 | 139.00 | OK | |
| r-oldrel-windows-x86_64 | 0.3.0 | 22.00 | 159.00 | 181.00 | OK |
Version: 0.3.0
Check: loading without being on the library search path
Result: WARN
Error: package or namespace load failed for ‘PKbioanalysis’ in loadNamespace(j <- i[[1L]], c(lib.loc, .libPaths()), versionCheck = vI[[j]]):
there is no package called ‘dplyr’
Execution halted
It looks like this package has a loading problem when not on .libPaths:
see the messages for details.
Flavor: r-release-macos-x86_64
These binaries (installable software) and packages are in development.
They may not be fully stable and should be used with caution. We make no claims about them.