CRAN Package Check Results for Package PLFD

Last updated on 2025-05-08 04:52:14 CEST.

Flavor Version Tinstall Tcheck Ttotal Status Flags
r-devel-linux-x86_64-debian-clang 0.2.0 21.41 54.00 75.41 NOTE
r-devel-linux-x86_64-debian-gcc 0.2.0 15.96 36.80 52.76 NOTE
r-devel-linux-x86_64-fedora-clang 0.2.0 127.98 NOTE
r-devel-linux-x86_64-fedora-gcc 0.2.0 136.11 NOTE
r-devel-windows-x86_64 0.2.0 27.00 90.00 117.00 NOTE
r-patched-linux-x86_64 0.2.0 23.47 48.76 72.23 NOTE
r-release-linux-x86_64 0.2.0 20.63 48.86 69.49 NOTE
r-release-macos-arm64 0.2.0 51.00 NOTE
r-release-macos-x86_64 0.2.0 89.00 NOTE
r-release-windows-x86_64 0.2.0 27.00 91.00 118.00 NOTE
r-oldrel-macos-arm64 0.2.0 47.00 NOTE
r-oldrel-macos-x86_64 0.2.0 61.00 NOTE
r-oldrel-windows-x86_64 0.2.0 30.00 112.00 142.00 NOTE

Check Details

Version: 0.2.0
Check: CRAN incoming feasibility
Result: NOTE Maintainer: ‘Zengchao Xu <zengc.xu@aliyun.com>’ Package has help file(s) containing later-stage \Sexpr{} expressions but no 'build/stage23.rdb' file. Flavors: r-devel-linux-x86_64-debian-clang, r-devel-linux-x86_64-debian-gcc

Version: 0.2.0
Check: C++ specification
Result: NOTE Specified C++11: please drop specification unless essential Flavors: r-devel-linux-x86_64-debian-clang, r-devel-linux-x86_64-debian-gcc, r-devel-linux-x86_64-fedora-clang, r-devel-linux-x86_64-fedora-gcc, r-devel-windows-x86_64, r-patched-linux-x86_64, r-release-linux-x86_64, r-release-macos-arm64, r-release-macos-x86_64, r-release-windows-x86_64, r-oldrel-macos-arm64, r-oldrel-macos-x86_64, r-oldrel-windows-x86_64

These binaries (installable software) and packages are in development.
They may not be fully stable and should be used with caution. We make no claims about them.