Last updated on 2024-07-27 15:50:29 CEST.
Flavor | Version | Tinstall | Tcheck | Ttotal | Status | Flags |
---|---|---|---|---|---|---|
r-devel-linux-x86_64-debian-clang | 2.1.1 | 141.14 | 158.81 | 299.95 | OK | |
r-devel-linux-x86_64-debian-gcc | 2.1.1 | OK | ||||
r-devel-linux-x86_64-fedora-clang | 2.1.1 | 433.94 | NOTE | |||
r-devel-linux-x86_64-fedora-gcc | 2.1.1 | 419.13 | NOTE | |||
r-devel-windows-x86_64 | 2.1.1 | 112.00 | 166.00 | 278.00 | OK | |
r-patched-linux-x86_64 | 2.1.1 | OK | ||||
r-release-linux-x86_64 | 2.1.1 | 91.63 | 150.67 | 242.30 | OK | |
r-release-macos-arm64 | 2.1.1 | 95.00 | OK | |||
r-release-macos-x86_64 | 2.1.1 | 108.00 | OK | |||
r-release-windows-x86_64 | 2.1.1 | 161.00 | 169.00 | 330.00 | OK | |
r-oldrel-macos-arm64 | 2.1.1 | 116.00 | OK | |||
r-oldrel-macos-x86_64 | 2.1.1 | 199.00 | OK | |||
r-oldrel-windows-x86_64 | 2.1.1 | 133.00 | 206.00 | 339.00 | OK |
Version: 2.1.1
Check: dependencies in R code
Result: NOTE
Namespaces in Imports field not imported from:
‘PlackettLuce’ ‘StatRank’ ‘pmr’ ‘prefmod’ ‘rankdist’
All declared Imports should be used.
Flavors: r-devel-linux-x86_64-fedora-clang, r-devel-linux-x86_64-fedora-gcc
These binaries (installable software) and packages are in development.
They may not be fully stable and should be used with caution. We make no claims about them.