Last updated on 2025-02-23 07:52:04 CET.
Flavor | Version | Tinstall | Tcheck | Ttotal | Status | Flags |
---|---|---|---|---|---|---|
r-devel-linux-x86_64-debian-clang | 2.1.1 | 100.08 | 123.71 | 223.79 | OK | |
r-devel-linux-x86_64-debian-gcc | 2.1.1 | 74.72 | 84.99 | 159.71 | OK | |
r-devel-linux-x86_64-fedora-clang | 2.1.1 | 421.77 | NOTE | |||
r-devel-linux-x86_64-fedora-gcc | 2.1.1 | 388.15 | NOTE | |||
r-devel-macos-arm64 | 2.1.1 | 99.00 | OK | |||
r-devel-macos-x86_64 | 2.1.1 | 142.00 | OK | |||
r-devel-windows-x86_64 | 2.1.1 | 107.00 | 175.00 | 282.00 | OK | |
r-patched-linux-x86_64 | 2.1.1 | 100.99 | 113.17 | 214.16 | OK | |
r-release-linux-x86_64 | 2.1.1 | 94.22 | 113.08 | 207.30 | OK | |
r-release-macos-arm64 | 2.1.1 | 95.00 | OK | |||
r-release-macos-x86_64 | 2.1.1 | 108.00 | OK | |||
r-release-windows-x86_64 | 2.1.1 | 106.00 | 169.00 | 275.00 | OK | |
r-oldrel-macos-arm64 | 2.1.1 | 116.00 | OK | |||
r-oldrel-macos-x86_64 | 2.1.1 | 199.00 | OK | |||
r-oldrel-windows-x86_64 | 2.1.1 | 134.00 | 204.00 | 338.00 | OK |
Version: 2.1.1
Check: dependencies in R code
Result: NOTE
Namespaces in Imports field not imported from:
‘PlackettLuce’ ‘StatRank’ ‘pmr’ ‘prefmod’ ‘rankdist’
All declared Imports should be used.
Flavors: r-devel-linux-x86_64-fedora-clang, r-devel-linux-x86_64-fedora-gcc
These binaries (installable software) and packages are in development.
They may not be fully stable and should be used with caution. We make no claims about them.