Last updated on 2025-05-01 15:49:39 CEST.
Flavor | Version | Tinstall | Tcheck | Ttotal | Status | Flags |
---|---|---|---|---|---|---|
r-devel-linux-x86_64-debian-clang | 0.1.1 | 8.11 | 78.68 | 86.79 | NOTE | |
r-devel-linux-x86_64-debian-gcc | 0.1.1 | 5.38 | 53.99 | 59.37 | NOTE | |
r-devel-linux-x86_64-fedora-clang | 0.1.1 | 124.51 | OK | |||
r-devel-linux-x86_64-fedora-gcc | 0.1.1 | 133.63 | OK | |||
r-devel-windows-x86_64 | 0.1.1 | 8.00 | 86.00 | 94.00 | OK | |
r-patched-linux-x86_64 | 0.1.1 | 6.63 | 72.71 | 79.34 | OK | |
r-release-linux-x86_64 | OK | |||||
r-release-macos-arm64 | 0.1.1 | 44.00 | OK | |||
r-release-macos-x86_64 | 0.1.1 | 78.00 | OK | |||
r-release-windows-x86_64 | 0.1.1 | 9.00 | 86.00 | 95.00 | OK | |
r-oldrel-macos-arm64 | 0.1.1 | 45.00 | OK | |||
r-oldrel-macos-x86_64 | 0.1.1 | 63.00 | OK | |||
r-oldrel-windows-x86_64 | 0.1.1 | 10.00 | 108.00 | 118.00 | OK |
Version: 0.1.1
Check: CRAN incoming feasibility
Result: NOTE
Maintainer: ‘Takahiko Koizumi <takahiko.koizumi@riken.jp>’
No Authors@R field in DESCRIPTION.
Please add one, modifying
Authors@R: c(person(given = "Takahiko",
family = "Koizumi",
role = c("aut", "cre"),
email = "takahiko.koizumi@riken.jp"),
person(given = "Kenta",
family = "Suzuki",
role = "aut"),
person(given = "Yasunori",
family = "Ichihashi",
role = "aut"))
as necessary.
Flavors: r-devel-linux-x86_64-debian-clang, r-devel-linux-x86_64-debian-gcc
These binaries (installable software) and packages are in development.
They may not be fully stable and should be used with caution. We make no claims about them.