CRAN Package Check Results for Package PLRModels

Last updated on 2025-11-11 15:50:43 CET.

Flavor Version Tinstall Tcheck Ttotal Status Flags
r-devel-linux-x86_64-debian-clang 1.4 5.90 61.09 66.99 NOTE
r-devel-linux-x86_64-debian-gcc 1.4 4.60 39.30 43.90 NOTE
r-devel-linux-x86_64-fedora-clang 1.4 13.00 92.53 105.53 OK
r-devel-linux-x86_64-fedora-gcc 1.4 12.00 85.91 97.91 OK
r-devel-windows-x86_64 1.4 7.00 76.00 83.00 OK
r-patched-linux-x86_64 1.4 6.77 56.41 63.18 OK
r-release-linux-x86_64 1.4 5.40 56.29 61.69 OK
r-release-macos-arm64 1.4 3.00 29.00 32.00 OK
r-release-macos-x86_64 1.4 4.00 47.00 51.00 OK
r-release-windows-x86_64 1.4 6.00 73.00 79.00 OK
r-oldrel-macos-arm64 1.4 3.00 29.00 32.00 OK
r-oldrel-macos-x86_64 1.4 4.00 41.00 45.00 OK
r-oldrel-windows-x86_64 1.4 6.00 75.00 81.00 OK

Check Details

Version: 1.4
Check: CRAN incoming feasibility
Result: NOTE Maintainer: ‘Ana Lopez-Cheda <ana.lopez.cheda@udc.es>’ No Authors@R field in DESCRIPTION. Please add one, modifying Authors@R: c(person(given = c("German", "Aneiros"), family = "Perez", role = "aut"), person(given = "Ana", family = "Lopez-Cheda", role = c("aut", "cre"), email = "ana.lopez.cheda@udc.es")) as necessary. Flavors: r-devel-linux-x86_64-debian-clang, r-devel-linux-x86_64-debian-gcc

These binaries (installable software) and packages are in development.
They may not be fully stable and should be used with caution. We make no claims about them.