CRAN Package Check Results for Package PLmixed

Last updated on 2025-02-16 10:50:55 CET.

Flavor Version Tinstall Tcheck Ttotal Status Flags
r-devel-linux-x86_64-debian-clang 0.1.7 8.40 310.34 318.74 NOTE
r-devel-linux-x86_64-debian-gcc 0.1.7 6.80 228.31 235.11 NOTE
r-devel-linux-x86_64-fedora-clang 0.1.7 556.07 OK
r-devel-linux-x86_64-fedora-gcc 0.1.7 579.10 OK
r-devel-macos-arm64 0.1.7 171.00 OK
r-devel-macos-x86_64 0.1.7 374.00 OK
r-devel-windows-x86_64 0.1.7 10.00 104.00 114.00 NOTE --no-vignettes
r-patched-linux-x86_64 0.1.7 11.76 312.84 324.60 OK
r-release-linux-x86_64 0.1.7 8.12 318.03 326.15 OK
r-release-macos-arm64 0.1.7 169.00 OK
r-release-macos-x86_64 0.1.7 251.00 OK
r-release-windows-x86_64 0.1.7 10.00 106.00 116.00 OK --no-vignettes
r-oldrel-macos-arm64 0.1.7 188.00 OK
r-oldrel-macos-x86_64 0.1.7 333.00 OK
r-oldrel-windows-x86_64 0.1.7 12.00 96.00 108.00 OK --no-vignettes

Check Details

Version: 0.1.7
Check: Rd cross-references
Result: NOTE Found the following Rd file(s) with Rd \link{} targets missing package anchors: PLmixed-package.Rd: lme4, optimx PLmixed.Rd: lme4, glmer, optimx, lmerControl, glmerControl, lmer coef.PLmod.Rd: coef.merMod fitted.PLmod.Rd: fitted.merMod fixef.PLmod.Rd: fixef.merMod plot.PLmod.Rd: plot.merMod predict.PLmod.Rd: predict.merMod ranef.PLmod.Rd: ranef.merMod residuals.PLmod.Rd: residuals.merMod simulate.PLmod.Rd: simulate.merMod Please provide package anchors for all Rd \link{} targets not in the package itself and the base packages. Flavors: r-devel-linux-x86_64-debian-clang, r-devel-linux-x86_64-debian-gcc

Version: 0.1.7
Flags: --no-vignettes
Check: Rd cross-references
Result: NOTE Found the following Rd file(s) with Rd \link{} targets missing package anchors: PLmixed-package.Rd: lme4, optimx PLmixed.Rd: lme4, glmer, optimx, lmerControl, glmerControl, lmer coef.PLmod.Rd: coef.merMod fitted.PLmod.Rd: fitted.merMod fixef.PLmod.Rd: fixef.merMod plot.PLmod.Rd: plot.merMod predict.PLmod.Rd: predict.merMod ranef.PLmod.Rd: ranef.merMod residuals.PLmod.Rd: residuals.merMod simulate.PLmod.Rd: simulate.merMod Please provide package anchors for all Rd \link{} targets not in the package itself and the base packages. Flavor: r-devel-windows-x86_64

These binaries (installable software) and packages are in development.
They may not be fully stable and should be used with caution. We make no claims about them.