CRAN Package Check Results for Package PLreg

Last updated on 2025-11-12 19:51:58 CET.

Flavor Version Tinstall Tcheck Ttotal Status Flags
r-devel-linux-x86_64-debian-clang 0.4.1 5.39 114.95 120.34 NOTE
r-devel-linux-x86_64-debian-gcc 0.4.1 3.36 74.83 78.19 NOTE
r-devel-linux-x86_64-fedora-clang 0.4.1 11.00 184.68 195.68 OK
r-devel-linux-x86_64-fedora-gcc 0.4.1 11.00 172.78 183.78 OK
r-devel-windows-x86_64 0.4.1 6.00 166.00 172.00 OK
r-patched-linux-x86_64 0.4.1 5.20 110.35 115.55 OK
r-release-linux-x86_64 0.4.1 3.64 111.13 114.77 OK
r-release-macos-arm64 0.4.1 2.00 57.00 59.00 OK
r-release-macos-x86_64 0.4.1 4.00 118.00 122.00 OK
r-release-windows-x86_64 0.4.1 6.00 156.00 162.00 OK
r-oldrel-macos-arm64 0.4.1 2.00 53.00 55.00 OK
r-oldrel-macos-x86_64 0.4.1 3.00 94.00 97.00 OK
r-oldrel-windows-x86_64 0.4.1 9.00 207.00 216.00 OK

Check Details

Version: 0.4.1
Check: CRAN incoming feasibility
Result: NOTE Maintainer: ‘Felipe Queiroz <ffelipeq@outlook.com>’ The Description field contains are described in Queiroz and Ferrari (2022) <arXiv:2202.01697>. Please refer to arXiv e-prints via their arXiv DOI <doi:10.48550/arXiv.YYMM.NNNNN>. Flavors: r-devel-linux-x86_64-debian-clang, r-devel-linux-x86_64-debian-gcc

These binaries (installable software) and packages are in development.
They may not be fully stable and should be used with caution. We make no claims about them.