Last updated on 2025-05-08 04:52:14 CEST.
Flavor | Version | Tinstall | Tcheck | Ttotal | Status | Flags |
---|---|---|---|---|---|---|
r-devel-linux-x86_64-debian-clang | 0.1.1 | 33.53 | 309.74 | 343.27 | OK | |
r-devel-linux-x86_64-debian-gcc | 0.1.1 | 23.40 | 227.42 | 250.82 | OK | |
r-devel-linux-x86_64-fedora-clang | 0.1.1 | 561.10 | NOTE | |||
r-devel-linux-x86_64-fedora-gcc | 0.1.1 | 541.02 | NOTE | |||
r-devel-windows-x86_64 | 0.1.1 | 39.00 | 272.00 | 311.00 | OK | |
r-patched-linux-x86_64 | 0.1.1 | 30.28 | 291.01 | 321.29 | OK | |
r-release-linux-x86_64 | 0.1.1 | 32.24 | 292.98 | 325.22 | OK | |
r-release-macos-arm64 | 0.1.1 | 5.00 | ERROR | |||
r-release-macos-x86_64 | 0.1.1 | 213.00 | OK | |||
r-release-windows-x86_64 | 0.1.1 | 39.00 | 273.00 | 312.00 | OK | |
r-oldrel-macos-arm64 | 0.1.1 | 147.00 | OK | |||
r-oldrel-macos-x86_64 | 0.1.1 | 226.00 | OK | |||
r-oldrel-windows-x86_64 | 0.1.1 | 52.00 | 370.00 | 422.00 | OK |
Version: 0.1.1
Check: dependencies in R code
Result: NOTE
Namespaces in Imports field not imported from:
‘base’ ‘grDevices’
All declared Imports should be used.
Flavors: r-devel-linux-x86_64-fedora-clang, r-devel-linux-x86_64-fedora-gcc
Version: 0.1.1
Check: package dependencies
Result: ERROR
Package required but not available: ‘org.Hs.eg.db’
See section ‘The DESCRIPTION file’ in the ‘Writing R Extensions’
manual.
Flavor: r-release-macos-arm64
These binaries (installable software) and packages are in development.
They may not be fully stable and should be used with caution. We make no claims about them.