Last updated on 2025-10-23 19:50:27 CEST.
Flavor | Version | Tinstall | Tcheck | Ttotal | Status | Flags |
---|---|---|---|---|---|---|
r-devel-linux-x86_64-debian-clang | 0.1.1 | 37.30 | 331.35 | 368.65 | OK | |
r-devel-linux-x86_64-debian-gcc | 0.1.1 | 26.73 | 244.34 | 271.07 | OK | |
r-devel-linux-x86_64-fedora-clang | 0.1.1 | 193.00 | 395.41 | 588.41 | NOTE | |
r-devel-linux-x86_64-fedora-gcc | 0.1.1 | 241.00 | 354.54 | 595.54 | NOTE | |
r-devel-windows-x86_64 | 0.1.1 | 39.00 | 283.00 | 322.00 | OK | |
r-patched-linux-x86_64 | 0.1.1 | 34.17 | 311.25 | 345.42 | OK | |
r-release-linux-x86_64 | 0.1.1 | 37.96 | 309.74 | 347.70 | OK | |
r-release-macos-arm64 | 0.1.1 | 5.00 | ERROR | |||
r-release-macos-x86_64 | 0.1.1 | 35.00 | 178.00 | 213.00 | OK | |
r-release-windows-x86_64 | 0.1.1 | 38.00 | 284.00 | 322.00 | OK | |
r-oldrel-macos-arm64 | 0.1.1 | 18.00 | 129.00 | 147.00 | OK | |
r-oldrel-macos-x86_64 | 0.1.1 | 25.00 | 201.00 | 226.00 | OK | |
r-oldrel-windows-x86_64 | 0.1.1 | 52.00 | 378.00 | 430.00 | OK |
Version: 0.1.1
Check: dependencies in R code
Result: NOTE
Namespaces in Imports field not imported from:
‘base’ ‘grDevices’
All declared Imports should be used.
Flavors: r-devel-linux-x86_64-fedora-clang, r-devel-linux-x86_64-fedora-gcc
Version: 0.1.1
Check: package dependencies
Result: ERROR
Package required but not available: ‘org.Hs.eg.db’
See section ‘The DESCRIPTION file’ in the ‘Writing R Extensions’
manual.
Flavor: r-release-macos-arm64
These binaries (installable software) and packages are in development.
They may not be fully stable and should be used with caution. We make no claims about them.