Last updated on 2025-02-16 10:50:55 CET.
Flavor | Version | Tinstall | Tcheck | Ttotal | Status | Flags |
---|---|---|---|---|---|---|
r-devel-linux-x86_64-debian-clang | 0.1.1 | 32.75 | 306.77 | 339.52 | OK | |
r-devel-linux-x86_64-debian-gcc | 0.1.1 | 23.26 | 222.77 | 246.03 | OK | |
r-devel-linux-x86_64-fedora-clang | 0.1.1 | 545.21 | NOTE | |||
r-devel-linux-x86_64-fedora-gcc | 0.1.1 | 532.59 | NOTE | |||
r-devel-macos-arm64 | 0.1.1 | 5.00 | ERROR | |||
r-devel-macos-x86_64 | 0.1.1 | 213.00 | OK | |||
r-devel-windows-x86_64 | 0.1.1 | 35.00 | 271.00 | 306.00 | OK | |
r-patched-linux-x86_64 | 0.1.1 | 32.03 | 280.07 | 312.10 | OK | |
r-release-linux-x86_64 | 0.1.1 | 30.36 | 279.26 | 309.62 | OK | |
r-release-macos-arm64 | 0.1.1 | 147.00 | OK | |||
r-release-macos-x86_64 | 0.1.1 | 226.00 | OK | |||
r-release-windows-x86_64 | 0.1.1 | 38.00 | 264.00 | 302.00 | OK | |
r-oldrel-macos-arm64 | 0.1.1 | 138.00 | OK | |||
r-oldrel-macos-x86_64 | 0.1.1 | 272.00 | OK | |||
r-oldrel-windows-x86_64 | 0.1.1 | 50.00 | 346.00 | 396.00 | OK |
Version: 0.1.1
Check: dependencies in R code
Result: NOTE
Namespaces in Imports field not imported from:
‘base’ ‘grDevices’
All declared Imports should be used.
Flavors: r-devel-linux-x86_64-fedora-clang, r-devel-linux-x86_64-fedora-gcc
Version: 0.1.1
Check: package dependencies
Result: ERROR
Package required but not available: ‘org.Hs.eg.db’
See section ‘The DESCRIPTION file’ in the ‘Writing R Extensions’
manual.
Flavor: r-devel-macos-arm64
These binaries (installable software) and packages are in development.
They may not be fully stable and should be used with caution. We make no claims about them.