CRAN Package Check Results for Package PMCMR

Last updated on 2025-11-13 03:51:12 CET.

Flavor Version Tinstall Tcheck Ttotal Status Flags
r-devel-linux-x86_64-debian-clang 4.4 1.92 20.34 22.26 NOTE
r-devel-linux-x86_64-debian-gcc 4.4 1.33 16.78 18.11 NOTE
r-devel-linux-x86_64-fedora-clang 4.4 33.99 NOTE
r-devel-linux-x86_64-fedora-gcc 4.4 31.41 NOTE
r-devel-windows-x86_64 4.4 4.00 40.00 44.00 NOTE
r-patched-linux-x86_64 4.4 2.28 19.23 21.51 NOTE
r-release-linux-x86_64 4.4 2.09 19.39 21.48 NOTE
r-release-macos-arm64 4.4 1.00 15.00 16.00 NOTE
r-release-macos-x86_64 4.4 2.00 23.00 25.00 NOTE
r-release-windows-x86_64 4.4 3.00 39.00 42.00 NOTE
r-oldrel-macos-arm64 4.4 1.00 17.00 18.00 NOTE
r-oldrel-macos-x86_64 4.4 3.00 26.00 29.00 NOTE
r-oldrel-windows-x86_64 4.4 4.00 44.00 48.00 NOTE

Check Details

Version: 4.4
Check: Rd files
Result: NOTE checkRd: (-1) PMCMR-deprecated.Rd:36: Lost braces in \itemize; \value handles \item{}{} directly checkRd: (-1) PMCMR-deprecated.Rd:37: Lost braces in \itemize; \value handles \item{}{} directly checkRd: (-1) PMCMR-deprecated.Rd:38: Lost braces in \itemize; \value handles \item{}{} directly checkRd: (-1) PMCMR-deprecated.Rd:39-40: Lost braces in \itemize; \value handles \item{}{} directly checkRd: (-1) PMCMR-deprecated.Rd:41: Lost braces in \itemize; \value handles \item{}{} directly Flavors: r-devel-linux-x86_64-debian-clang, r-devel-linux-x86_64-debian-gcc, r-devel-linux-x86_64-fedora-clang, r-devel-linux-x86_64-fedora-gcc, r-devel-windows-x86_64, r-patched-linux-x86_64, r-release-linux-x86_64, r-release-macos-arm64, r-release-macos-x86_64, r-release-windows-x86_64, r-oldrel-macos-arm64, r-oldrel-macos-x86_64, r-oldrel-windows-x86_64

These binaries (installable software) and packages are in development.
They may not be fully stable and should be used with caution. We make no claims about them.