Last updated on 2025-11-13 01:50:29 CET.
| Flavor | Version | Tinstall | Tcheck | Ttotal | Status | Flags |
|---|---|---|---|---|---|---|
| r-devel-linux-x86_64-debian-clang | 0.6.0 | 6.26 | 73.13 | 79.39 | NOTE | |
| r-devel-linux-x86_64-debian-gcc | 0.6.0 | 4.76 | 53.17 | 57.93 | NOTE | |
| r-devel-linux-x86_64-fedora-clang | 0.6.0 | 16.00 | 112.98 | 128.98 | OK | |
| r-devel-linux-x86_64-fedora-gcc | 0.6.0 | 14.00 | 101.92 | 115.92 | OK | |
| r-devel-windows-x86_64 | 0.6.0 | 9.00 | 86.00 | 95.00 | OK | |
| r-patched-linux-x86_64 | 0.6.0 | 6.91 | 70.00 | 76.91 | OK | |
| r-release-linux-x86_64 | 0.6.0 | 6.21 | 70.16 | 76.37 | OK | |
| r-release-macos-arm64 | 0.6.0 | 3.00 | 30.00 | 33.00 | OK | |
| r-release-macos-x86_64 | 0.6.0 | 5.00 | 51.00 | 56.00 | OK | |
| r-release-windows-x86_64 | 0.6.0 | 9.00 | 84.00 | 93.00 | OK | |
| r-oldrel-macos-arm64 | 0.6.0 | 3.00 | 28.00 | 31.00 | OK | |
| r-oldrel-macos-x86_64 | 0.6.0 | 4.00 | 42.00 | 46.00 | OK | |
| r-oldrel-windows-x86_64 | 0.6.0 | 12.00 | 110.00 | 122.00 | OK |
Version: 0.6.0
Check: CRAN incoming feasibility
Result: NOTE
Maintainer: ‘Dabao Zhang <zhangdb@purdue.edu>’
No Authors@R field in DESCRIPTION.
Please add one, modifying
Authors@R: c(person(given = "Dabao",
family = "Zhang",
role = c("aut", "cre"),
email = "zhangdb@purdue.edu"),
person(given = "Zhongli",
family = "Jiang",
role = "aut"),
person(given = "Zeyu",
family = "Zhang",
role = "aut"),
person(given = "Yu-ting",
family = "Chen",
role = "aut"))
as necessary.
Flavors: r-devel-linux-x86_64-debian-clang, r-devel-linux-x86_64-debian-gcc
These binaries (installable software) and packages are in development.
They may not be fully stable and should be used with caution. We make no claims about them.