CRAN Package Check Results for Package POMS

Last updated on 2025-10-23 11:50:23 CEST.

Flavor Version Tinstall Tcheck Ttotal Status Flags
r-devel-linux-x86_64-debian-clang 1.0.1 3.04 40.54 43.58 NOTE
r-devel-linux-x86_64-debian-gcc 1.0.1 2.32 28.55 30.87 NOTE
r-devel-linux-x86_64-fedora-clang 1.0.1 66.94 OK
r-devel-linux-x86_64-fedora-gcc 1.0.1 61.76 OK
r-devel-windows-x86_64 1.0.1 5.00 60.00 65.00 OK
r-patched-linux-x86_64 1.0.1 2.74 37.26 40.00 OK
r-release-linux-x86_64 1.0.1 2.62 37.32 39.94 OK
r-release-macos-arm64 1.0.1 2.00 26.00 28.00 OK
r-release-macos-x86_64 1.0.1 3.00 39.00 42.00 OK
r-release-windows-x86_64 1.0.1 5.00 62.00 67.00 OK
r-oldrel-macos-arm64 1.0.1 1.00 21.00 22.00 OK
r-oldrel-macos-x86_64 1.0.1 2.00 30.00 32.00 OK
r-oldrel-windows-x86_64 1.0.1 5.00 69.00 74.00 OK

Check Details

Version: 1.0.1
Check: CRAN incoming feasibility
Result: NOTE Maintainer: ‘Gavin Douglas <gavinmdouglas@gmail.com>’ Package CITATION file contains call(s) to old-style citEntry(). Please use bibentry() instead. Flavors: r-devel-linux-x86_64-debian-clang, r-devel-linux-x86_64-debian-gcc

These binaries (installable software) and packages are in development.
They may not be fully stable and should be used with caution. We make no claims about them.