Last updated on 2025-07-12 19:50:10 CEST.
Flavor | Version | Tinstall | Tcheck | Ttotal | Status | Flags |
---|---|---|---|---|---|---|
r-devel-linux-x86_64-debian-clang | 1.0.0 | 2.08 | 22.36 | 24.44 | NOTE | |
r-devel-linux-x86_64-debian-gcc | 1.0.0 | 1.54 | 18.35 | 19.89 | NOTE | |
r-devel-linux-x86_64-fedora-clang | 1.0.0 | 39.47 | OK | |||
r-devel-linux-x86_64-fedora-gcc | 1.0.0 | 35.81 | OK | |||
r-devel-windows-x86_64 | 1.0.0 | 4.00 | 44.00 | 48.00 | OK | |
r-patched-linux-x86_64 | 1.0.0 | 2.22 | 21.44 | 23.66 | OK | |
r-release-linux-x86_64 | 1.0.0 | 1.66 | 21.12 | 22.78 | OK | |
r-release-macos-arm64 | 1.0.0 | 17.00 | OK | |||
r-release-macos-x86_64 | 1.0.0 | 28.00 | OK | |||
r-release-windows-x86_64 | 1.0.0 | 3.00 | 49.00 | 52.00 | OK | |
r-oldrel-macos-arm64 | 1.0.0 | 17.00 | OK | |||
r-oldrel-macos-x86_64 | 1.0.0 | 23.00 | OK | |||
r-oldrel-windows-x86_64 | 1.0.0 | 3.00 | 47.00 | 50.00 | OK |
Version: 1.0.0
Check: CRAN incoming feasibility
Result: NOTE
Maintainer: ‘Jiacheng Miao <jiacheng.miao@wisc.edu>’
The Description field contains
(2023) <arXiv:2311.14220>.
Please refer to arXiv e-prints via their arXiv DOI <doi:10.48550/arXiv.YYMM.NNNNN>.
Flavors: r-devel-linux-x86_64-debian-clang, r-devel-linux-x86_64-debian-gcc
These binaries (installable software) and packages are in development.
They may not be fully stable and should be used with caution. We make no claims about them.