Last updated on 2025-07-02 01:51:46 CEST.
Flavor | Version | Tinstall | Tcheck | Ttotal | Status | Flags |
---|---|---|---|---|---|---|
r-devel-linux-x86_64-debian-clang | 0.6.4 | 3.61 | 84.28 | 87.89 | NOTE | |
r-devel-linux-x86_64-debian-gcc | 0.6.4 | 2.39 | 54.43 | 56.82 | NOTE | |
r-devel-linux-x86_64-fedora-clang | 0.6.4 | 122.65 | OK | |||
r-devel-linux-x86_64-fedora-gcc | 0.6.4 | 115.21 | OK | |||
r-devel-windows-x86_64 | 0.6.4 | 4.00 | 75.00 | 79.00 | NOTE | |
r-patched-linux-x86_64 | NOTE | |||||
r-release-linux-x86_64 | 0.6.4 | 3.41 | 61.20 | 64.61 | NOTE | |
r-release-macos-arm64 | 0.6.4 | 41.00 | OK | |||
r-release-macos-x86_64 | 0.6.4 | 71.00 | OK | |||
r-release-windows-x86_64 | 0.6.4 | 4.00 | 75.00 | 79.00 | NOTE | |
r-oldrel-macos-arm64 | 0.6.4 | 45.00 | OK | |||
r-oldrel-macos-x86_64 | 0.6.4 | 56.00 | OK | |||
r-oldrel-windows-x86_64 | 0.6.4 | 6.00 | 92.00 | 98.00 | OK |
Version: 0.6.4
Check: Rd cross-references
Result: NOTE
Found the following Rd file(s) with Rd \link{} targets missing package
anchors:
pow.Rd: data.table
Please provide package anchors for all Rd \link{} targets not in the
package itself and the base packages.
Flavors: r-devel-linux-x86_64-debian-clang, r-devel-linux-x86_64-debian-gcc, r-devel-windows-x86_64, r-patched-linux-x86_64, r-release-linux-x86_64, r-release-windows-x86_64
These binaries (installable software) and packages are in development.
They may not be fully stable and should be used with caution. We make no claims about them.