Last updated on 2025-05-08 04:52:14 CEST.
Flavor | Version | Tinstall | Tcheck | Ttotal | Status | Flags |
---|---|---|---|---|---|---|
r-devel-linux-x86_64-debian-clang | 0.6.4 | 3.87 | 83.56 | 87.43 | NOTE | |
r-devel-linux-x86_64-debian-gcc | 0.6.4 | 2.39 | 52.15 | 54.54 | NOTE | |
r-devel-linux-x86_64-fedora-clang | 0.6.4 | 116.17 | OK | |||
r-devel-linux-x86_64-fedora-gcc | 0.6.4 | 116.12 | OK | |||
r-devel-windows-x86_64 | 0.6.4 | 5.00 | 74.00 | 79.00 | NOTE | |
r-patched-linux-x86_64 | 0.6.4 | 3.58 | 60.68 | 64.26 | NOTE | |
r-release-linux-x86_64 | 0.6.4 | 3.34 | 60.81 | 64.15 | NOTE | |
r-release-macos-arm64 | 0.6.4 | 41.00 | OK | |||
r-release-macos-x86_64 | 0.6.4 | 71.00 | OK | |||
r-release-windows-x86_64 | 0.6.4 | 4.00 | 76.00 | 80.00 | NOTE | |
r-oldrel-macos-arm64 | 0.6.4 | 45.00 | OK | |||
r-oldrel-macos-x86_64 | 0.6.4 | 56.00 | OK | |||
r-oldrel-windows-x86_64 | 0.6.4 | 4.00 | 91.00 | 95.00 | OK |
Version: 0.6.4
Check: Rd cross-references
Result: NOTE
Found the following Rd file(s) with Rd \link{} targets missing package
anchors:
pow.Rd: data.table
Please provide package anchors for all Rd \link{} targets not in the
package itself and the base packages.
Flavors: r-devel-linux-x86_64-debian-clang, r-devel-linux-x86_64-debian-gcc, r-devel-windows-x86_64, r-patched-linux-x86_64, r-release-linux-x86_64, r-release-windows-x86_64
These binaries (installable software) and packages are in development.
They may not be fully stable and should be used with caution. We make no claims about them.