Last updated on 2024-07-27 15:50:29 CEST.
Flavor | Version | Tinstall | Tcheck | Ttotal | Status | Flags |
---|---|---|---|---|---|---|
r-devel-linux-x86_64-debian-clang | 1.1.4 | 166.09 | 42.21 | 208.30 | OK | |
r-devel-linux-x86_64-debian-gcc | 1.1.4 | OK | ||||
r-devel-linux-x86_64-fedora-clang | 1.1.4 | 401.05 | OK | |||
r-devel-linux-x86_64-fedora-gcc | 1.1.4 | 343.14 | OK | |||
r-devel-windows-x86_64 | 1.1.4 | 136.00 | 73.00 | 209.00 | OK | |
r-patched-linux-x86_64 | 1.1.4 | OK | ||||
r-release-linux-x86_64 | 1.1.4 | 151.88 | 38.71 | 190.59 | OK | |
r-release-macos-arm64 | 1.1.4 | 72.00 | NOTE | |||
r-release-macos-x86_64 | 1.1.4 | 80.00 | NOTE | |||
r-release-windows-x86_64 | 1.1.4 | 176.00 | 76.00 | 252.00 | OK | |
r-oldrel-macos-arm64 | 1.1.4 | 75.00 | NOTE | |||
r-oldrel-macos-x86_64 | 1.1.4 | 83.00 | NOTE | |||
r-oldrel-windows-x86_64 | 1.1.4 | 158.00 | 88.00 | 246.00 | OK |
Version: 1.1.4
Check: installed package size
Result: NOTE
installed size is 13.0Mb
sub-directories of 1Mb or more:
libs 12.8Mb
Flavors: r-release-macos-arm64, r-release-macos-x86_64, r-oldrel-macos-arm64, r-oldrel-macos-x86_64
These binaries (installable software) and packages are in development.
They may not be fully stable and should be used with caution. We make no claims about them.