CRAN Package Check Results for Package POSetR

Last updated on 2025-11-14 21:50:10 CET.

Flavor Version Tinstall Tcheck Ttotal Status Flags
r-devel-linux-x86_64-debian-clang 1.1.4 115.03 34.25 149.28 OK
r-devel-linux-x86_64-debian-gcc 1.1.4 86.74 26.02 112.76 OK
r-devel-linux-x86_64-fedora-clang 1.1.4 283.00 1.89 284.89 OK
r-devel-linux-x86_64-fedora-gcc 1.1.4 296.00 -8.79 287.21 OK
r-devel-windows-x86_64 1.1.4 152.00 72.00 224.00 OK
r-patched-linux-x86_64 1.1.4 129.23 32.88 162.11 OK
r-release-linux-x86_64 1.1.4 129.70 32.78 162.48 OK
r-release-macos-arm64 1.1.4 45.00 20.00 65.00 OK
r-release-macos-x86_64 1.1.4 40.00 43.00 83.00 OK
r-release-windows-x86_64 1.1.4 140.00 73.00 213.00 OK
r-oldrel-macos-arm64 1.1.4 53.00 19.00 72.00 NOTE
r-oldrel-macos-x86_64 1.1.4 43.00 37.00 80.00 NOTE
r-oldrel-windows-x86_64 1.1.4 166.00 92.00 258.00 OK

Check Details

Version: 1.1.4
Check: installed package size
Result: NOTE installed size is 13.0Mb sub-directories of 1Mb or more: libs 12.8Mb Flavors: r-oldrel-macos-arm64, r-oldrel-macos-x86_64

These binaries (installable software) and packages are in development.
They may not be fully stable and should be used with caution. We make no claims about them.