Last updated on 2025-10-24 05:50:51 CEST.
| Flavor | Version | Tinstall | Tcheck | Ttotal | Status | Flags |
|---|---|---|---|---|---|---|
| r-devel-linux-x86_64-debian-clang | 2.1.8 | 36.09 | 215.55 | 251.64 | NOTE | |
| r-devel-linux-x86_64-debian-gcc | 2.1.8 | 28.30 | 147.49 | 175.79 | OK | |
| r-devel-linux-x86_64-fedora-clang | 2.1.8 | 78.00 | 308.65 | 386.65 | OK | |
| r-devel-linux-x86_64-fedora-gcc | 2.1.8 | 97.00 | 299.05 | 396.05 | OK | |
| r-devel-windows-x86_64 | 2.1.8 | 40.00 | 206.00 | 246.00 | OK | |
| r-patched-linux-x86_64 | 2.1.8 | 39.51 | 199.86 | 239.37 | OK | |
| r-release-linux-x86_64 | 2.1.8 | 38.56 | 199.41 | 237.97 | OK | |
| r-release-macos-arm64 | 2.1.8 | 17.00 | 89.00 | 106.00 | OK | |
| r-release-macos-x86_64 | 2.1.8 | 34.00 | 173.00 | 207.00 | OK | |
| r-release-windows-x86_64 | 2.1.8 | 40.00 | 202.00 | 242.00 | OK | |
| r-oldrel-macos-arm64 | 2.1.8 | 19.00 | 93.00 | 112.00 | NOTE | |
| r-oldrel-macos-x86_64 | 2.1.8 | 43.00 | 190.00 | 233.00 | NOTE | |
| r-oldrel-windows-x86_64 | 2.1.8 | 52.00 | 301.00 | 353.00 | OK |
Version: 2.1.8
Check: HTML version of manual
Result: NOTE
Found the following HTML validation problems:
H2.html:61:1 (H2.Rd:19): Warning: missing </ul> before </div>
analyseMCMCs.html:59:1 (analyseMCMCs.Rd:22): Warning: missing </ul> before </div>
logLik.POUMM.html:51:1 (logLik.POUMM.Rd:12): Warning: missing </ul> before </div>
loglik_abc_g0_g0Prior.html:64:1 (loglik_abc_g0_g0Prior.Rd:20): Warning: missing </ul> before </div>
summary.POUMM.html:85:1 (summary.POUMM.Rd:38): Warning: missing </ul> before </div>
Flavor: r-devel-linux-x86_64-debian-clang
Version: 2.1.8
Check: installed package size
Result: NOTE
installed size is 8.3Mb
sub-directories of 1Mb or more:
libs 7.1Mb
Flavors: r-oldrel-macos-arm64, r-oldrel-macos-x86_64
These binaries (installable software) and packages are in development.
They may not be fully stable and should be used with caution. We make no claims about them.