Last updated on 2025-07-02 03:50:49 CEST.
Flavor | Version | Tinstall | Tcheck | Ttotal | Status | Flags |
---|---|---|---|---|---|---|
r-devel-linux-x86_64-debian-clang | 0.6.3-11 | 26.03 | 60.74 | 86.77 | NOTE | |
r-devel-linux-x86_64-debian-gcc | 0.6.3-11 | 17.42 | 45.11 | 62.53 | NOTE | |
r-devel-linux-x86_64-fedora-clang | 0.6.3-11 | 138.10 | OK | |||
r-devel-linux-x86_64-fedora-gcc | 0.6.3-11 | 150.96 | OK | |||
r-devel-windows-x86_64 | 0.6.3-11 | 24.00 | 97.00 | 121.00 | OK | |
r-patched-linux-x86_64 | OK | |||||
r-release-linux-x86_64 | 0.6.3-11 | 23.57 | 57.37 | 80.94 | OK | |
r-release-macos-arm64 | 0.6.3-11 | 54.00 | OK | |||
r-release-macos-x86_64 | 0.6.3-11 | 110.00 | OK | |||
r-release-windows-x86_64 | 0.6.3-11 | 26.00 | 98.00 | 124.00 | OK | |
r-oldrel-macos-arm64 | 0.6.3-11 | 43.00 | OK | |||
r-oldrel-macos-x86_64 | 0.6.3-11 | 84.00 | OK | |||
r-oldrel-windows-x86_64 | 0.6.3-11 | 26.00 | 118.00 | 144.00 | OK |
Version: 0.6.3-11
Check: CRAN incoming feasibility
Result: NOTE
Maintainer: ‘Jan Steinfeld <jan.d.steinfeld@gmail.com>’
Package CITATION file contains call(s) to old-style personList() or
as.personList(). Please use c() on person objects instead.
Package CITATION file contains call(s) to old-style citEntry(). Please
use bibentry() instead.
Flavors: r-devel-linux-x86_64-debian-clang, r-devel-linux-x86_64-debian-gcc
These binaries (installable software) and packages are in development.
They may not be fully stable and should be used with caution. We make no claims about them.