CRAN Package Check Results for Package PP

Last updated on 2025-05-08 04:52:14 CEST.

Flavor Version Tinstall Tcheck Ttotal Status Flags
r-devel-linux-x86_64-debian-clang 0.6.3-11 24.63 59.93 84.56 NOTE
r-devel-linux-x86_64-debian-gcc 0.6.3-11 16.47 44.71 61.18 NOTE
r-devel-linux-x86_64-fedora-clang 0.6.3-11 137.87 OK
r-devel-linux-x86_64-fedora-gcc 0.6.3-11 160.35 OK
r-devel-windows-x86_64 0.6.3-11 20.00 98.00 118.00 OK
r-patched-linux-x86_64 0.6.3-11 25.60 57.21 82.81 OK
r-release-linux-x86_64 0.6.3-11 22.58 56.76 79.34 OK
r-release-macos-arm64 0.6.3-11 54.00 OK
r-release-macos-x86_64 0.6.3-11 110.00 OK
r-release-windows-x86_64 0.6.3-11 25.00 103.00 128.00 OK
r-oldrel-macos-arm64 0.6.3-11 43.00 OK
r-oldrel-macos-x86_64 0.6.3-11 84.00 OK
r-oldrel-windows-x86_64 0.6.3-11 30.00 115.00 145.00 OK

Check Details

Version: 0.6.3-11
Check: CRAN incoming feasibility
Result: NOTE Maintainer: ‘Jan Steinfeld <jan.d.steinfeld@gmail.com>’ Package CITATION file contains call(s) to old-style personList() or as.personList(). Please use c() on person objects instead. Package CITATION file contains call(s) to old-style citEntry(). Please use bibentry() instead. Flavors: r-devel-linux-x86_64-debian-clang, r-devel-linux-x86_64-debian-gcc

These binaries (installable software) and packages are in development.
They may not be fully stable and should be used with caution. We make no claims about them.