Last updated on 2025-05-03 22:50:04 CEST.
Flavor | Version | Tinstall | Tcheck | Ttotal | Status | Flags |
---|---|---|---|---|---|---|
r-devel-linux-x86_64-debian-clang | 0.1.5 | 11.73 | 82.18 | 93.91 | NOTE | |
r-devel-linux-x86_64-debian-gcc | 0.1.5 | 8.43 | 60.17 | 68.60 | NOTE | |
r-devel-linux-x86_64-fedora-clang | 0.1.5 | 149.60 | OK | |||
r-devel-linux-x86_64-fedora-gcc | 0.1.5 | 145.18 | OK | |||
r-devel-windows-x86_64 | 0.1.5 | 11.00 | 114.00 | 125.00 | OK | |
r-patched-linux-x86_64 | 0.1.5 | 11.82 | 79.83 | 91.65 | OK | |
r-release-linux-x86_64 | OK | |||||
r-release-macos-arm64 | 0.1.5 | 48.00 | OK | |||
r-release-macos-x86_64 | 0.1.5 | 88.00 | OK | |||
r-release-windows-x86_64 | 0.1.5 | 12.00 | 98.00 | 110.00 | OK | |
r-oldrel-macos-arm64 | 0.1.5 | 41.00 | OK | |||
r-oldrel-macos-x86_64 | 0.1.5 | 73.00 | OK | |||
r-oldrel-windows-x86_64 | 0.1.5 | 15.00 | 118.00 | 133.00 | OK |
Version: 0.1.5
Check: CRAN incoming feasibility
Result: NOTE
Maintainer: ‘David Hofmeyr <dhofmeyr@sun.ac.za>’
No Authors@R field in DESCRIPTION.
Please add one, modifying
Authors@R: person(given = "David",
family = "Hofmeyr",
role = c("aut", "cre"),
email = "n.pavlidis@lancaster.ac.uk")
as necessary.
Flavors: r-devel-linux-x86_64-debian-clang, r-devel-linux-x86_64-debian-gcc
These binaries (installable software) and packages are in development.
They may not be fully stable and should be used with caution. We make no claims about them.