CRAN Package Check Results for Package PPLasso

Last updated on 2025-02-16 10:50:55 CET.

Flavor Version Tinstall Tcheck Ttotal Status Flags
r-devel-linux-x86_64-debian-clang 2.0 11.03 87.26 98.29 NOTE
r-devel-linux-x86_64-debian-gcc 2.0 7.47 62.56 70.03 NOTE
r-devel-linux-x86_64-fedora-clang 2.0 175.57 OK
r-devel-linux-x86_64-fedora-gcc 2.0 190.00 OK
r-devel-macos-arm64 2.0 60.00 OK
r-devel-macos-x86_64 2.0 109.00 OK
r-devel-windows-x86_64 2.0 13.00 93.00 106.00 NOTE
r-patched-linux-x86_64 2.0 18.34 80.72 99.06 OK
r-release-linux-x86_64 2.0 10.19 82.38 92.57 OK
r-release-macos-arm64 2.0 58.00 OK
r-release-macos-x86_64 2.0 87.00 OK
r-release-windows-x86_64 2.0 13.00 93.00 106.00 OK
r-oldrel-macos-arm64 2.0 61.00 OK
r-oldrel-macos-x86_64 2.0 95.00 OK
r-oldrel-windows-x86_64 2.0 16.00 112.00 128.00 OK

Check Details

Version: 2.0
Check: Rd cross-references
Result: NOTE Found the following Rd file(s) with Rd \link{} targets missing package anchors: ProgPredLasso.Rd: cvCovEst Please provide package anchors for all Rd \link{} targets not in the package itself and the base packages. Flavors: r-devel-linux-x86_64-debian-clang, r-devel-linux-x86_64-debian-gcc, r-devel-windows-x86_64

These binaries (installable software) and packages are in development.
They may not be fully stable and should be used with caution. We make no claims about them.